CRAN Package Check Results for Package ETLUtils

Last updated on 2022-09-26 06:51:11 CEST.

Flavor Version Tinstall Tcheck Ttotal Status Flags
r-devel-linux-x86_64-debian-clang 1.5 3.74 31.28 35.02 OK
r-devel-linux-x86_64-debian-gcc 1.5 2.59 24.55 27.14 OK
r-devel-linux-x86_64-fedora-clang 1.5 54.79 OK
r-devel-linux-x86_64-fedora-gcc 1.5 50.52 OK
r-devel-windows-x86_64 1.5 12.00 60.00 72.00 OK
r-patched-linux-x86_64 1.5 3.04 30.25 33.29 OK
r-release-linux-x86_64 1.5 2.76 30.24 33.00 OK
r-release-macos-arm64 1.5 17.00 OK
r-release-macos-x86_64 1.5 24.00 OK
r-release-windows-x86_64 1.5 19.00 57.00 76.00 OK
r-oldrel-macos-arm64 1.5 26.00 NOTE
r-oldrel-macos-x86_64 1.5 30.00 OK
r-oldrel-windows-ix86+x86_64 1.5 7.00 55.00 62.00 OK

Check Details

Version: 1.5
Check: package dependencies
Result: NOTE
    Package suggested but not available for checking: ‘RODBC’
Flavor: r-oldrel-macos-arm64

Version: 1.5
Check: Rd cross-references
Result: NOTE
    Package unavailable to check Rd xrefs: ‘RODBC’
Flavor: r-oldrel-macos-arm64