CRAN Package Check Results for Package ELISAtools

Last updated on 2022-10-06 21:49:52 CEST.

Flavor Version Tinstall Tcheck Ttotal Status Flags
r-devel-linux-x86_64-debian-clang 0.1.5 4.23 50.05 54.28 NOTE
r-devel-linux-x86_64-debian-gcc 0.1.5 3.50 38.39 41.89 NOTE
r-devel-linux-x86_64-fedora-clang 0.1.5 79.44 NOTE
r-devel-linux-x86_64-fedora-gcc 0.1.5 74.92 NOTE
r-devel-windows-x86_64 0.1.5 38.00 92.00 130.00 NOTE
r-patched-linux-x86_64 0.1.5 5.42 47.79 53.21 NOTE
r-release-linux-x86_64 0.1.5 4.53 47.45 51.98 NOTE
r-release-macos-arm64 0.1.5 29.00 NOTE
r-release-macos-x86_64 0.1.5 36.00 NOTE
r-release-windows-x86_64 0.1.5 64.00 89.00 153.00 NOTE
r-oldrel-macos-arm64 0.1.5 28.00 NOTE
r-oldrel-macos-x86_64 0.1.5 44.00 NOTE
r-oldrel-windows-ix86+x86_64 0.1.5 10.00 84.00 94.00 NOTE

Check Details

Version: 0.1.5
Check: LazyData
Result: NOTE
     'LazyData' is specified without a 'data' directory
Flavors: r-devel-linux-x86_64-debian-clang, r-devel-linux-x86_64-debian-gcc, r-devel-linux-x86_64-fedora-clang, r-devel-linux-x86_64-fedora-gcc, r-devel-windows-x86_64, r-patched-linux-x86_64, r-release-linux-x86_64, r-release-macos-arm64, r-release-macos-x86_64, r-release-windows-x86_64, r-oldrel-macos-arm64, r-oldrel-macos-x86_64, r-oldrel-windows-ix86+x86_64