CRAN Package Check Results for Package ELISAtools

Last updated on 2024-06-22 06:50:44 CEST.

Flavor Version Tinstall Tcheck Ttotal Status Flags
r-devel-linux-x86_64-debian-clang 0.1.5 5.48 54.42 59.90 NOTE
r-devel-linux-x86_64-debian-gcc 0.1.5 3.40 40.67 44.07 NOTE
r-devel-linux-x86_64-fedora-clang 0.1.5 77.40 NOTE
r-devel-linux-x86_64-fedora-gcc 0.1.5 82.21 NOTE
r-devel-windows-x86_64 0.1.5 4.00 79.00 83.00 NOTE
r-patched-linux-x86_64 0.1.5 6.64 50.88 57.52 NOTE
r-release-linux-x86_64 0.1.5 4.72 52.54 57.26 NOTE
r-release-macos-arm64 0.1.5 35.00 NOTE
r-release-macos-x86_64 0.1.5 55.00 NOTE
r-release-windows-x86_64 0.1.5 5.00 81.00 86.00 NOTE
r-oldrel-macos-arm64 0.1.5 33.00 NOTE
r-oldrel-macos-x86_64 0.1.5 41.00 NOTE
r-oldrel-windows-x86_64 0.1.5 4.00 84.00 88.00 NOTE

Check Details

Version: 0.1.5
Check: Rd files
Result: NOTE checkRd: (-1) prepareInitsLM.Rd:21-23: Lost braces in \itemize; \value handles \item{}{} directly Flavors: r-devel-linux-x86_64-debian-clang, r-devel-linux-x86_64-debian-gcc, r-devel-linux-x86_64-fedora-clang, r-devel-linux-x86_64-fedora-gcc, r-devel-windows-x86_64, r-patched-linux-x86_64, r-release-linux-x86_64, r-release-macos-arm64, r-release-macos-x86_64, r-release-windows-x86_64

Version: 0.1.5
Check: LazyData
Result: NOTE 'LazyData' is specified without a 'data' directory Flavors: r-devel-linux-x86_64-debian-clang, r-devel-linux-x86_64-debian-gcc, r-devel-linux-x86_64-fedora-clang, r-devel-linux-x86_64-fedora-gcc, r-devel-windows-x86_64, r-patched-linux-x86_64, r-release-linux-x86_64, r-release-macos-arm64, r-release-macos-x86_64, r-release-windows-x86_64, r-oldrel-macos-arm64, r-oldrel-macos-x86_64, r-oldrel-windows-x86_64