CRAN Package Check Results for Package EHRtemporalVariability

Last updated on 2022-09-27 12:52:50 CEST.

Flavor Version Tinstall Tcheck Ttotal Status Flags
r-devel-linux-x86_64-debian-clang 1.1.4 7.80 111.99 119.79 OK
r-devel-linux-x86_64-debian-gcc 1.1.4 5.29 83.41 88.70 OK
r-devel-linux-x86_64-fedora-clang 1.1.4 165.17 NOTE
r-devel-linux-x86_64-fedora-gcc 1.1.4 156.46 OK
r-devel-windows-x86_64 1.1.4 116.00 163.00 279.00 NOTE
r-patched-linux-x86_64 1.1.4 6.86 106.87 113.73 OK
r-release-linux-x86_64 1.1.4 8.52 107.59 116.11 OK
r-release-macos-arm64 1.1.4 61.00 NOTE
r-release-macos-x86_64 1.1.4 83.00 NOTE
r-release-windows-x86_64 1.1.4 112.00 173.00 285.00 NOTE
r-oldrel-macos-arm64 1.1.4 259.00 NOTE
r-oldrel-macos-x86_64 1.1.4 87.00 NOTE
r-oldrel-windows-ix86+x86_64 1.1.4 19.00 257.00 276.00 NOTE

Check Details

Version: 1.1.4
Check: installed package size
Result: NOTE
     installed size is 11.5Mb
     sub-directories of 1Mb or more:
     doc 6.1Mb
     extdata 5.1Mb
Flavors: r-devel-linux-x86_64-fedora-clang, r-devel-windows-x86_64, r-release-macos-arm64, r-release-macos-x86_64, r-release-windows-x86_64, r-oldrel-macos-arm64, r-oldrel-macos-x86_64, r-oldrel-windows-ix86+x86_64

Version: 1.1.4
Check: package dependencies
Result: NOTE
    Package suggested but not available for checking: ‘BiocStyle’
Flavor: r-oldrel-macos-arm64