CRAN Package Check Results for Package ECOTOXr

Last updated on 2022-10-03 21:53:36 CEST.

Flavor Version Tinstall Tcheck Ttotal Status Flags
r-devel-linux-x86_64-debian-clang 0.1.1 5.44 50.95 56.39 OK
r-devel-linux-x86_64-debian-gcc 0.1.1 5.03 38.81 43.84 OK
r-devel-linux-x86_64-fedora-clang 0.1.1 80.61 NOTE
r-devel-linux-x86_64-fedora-gcc 0.1.1 76.48 NOTE
r-devel-windows-x86_64 0.1.1 14.00 77.00 91.00 OK
r-patched-linux-x86_64 0.1.1 6.08 47.63 53.71 OK
r-release-linux-x86_64 0.1.1 4.82 48.35 53.17 OK
r-release-macos-arm64 0.1.1 20.00 NOTE
r-release-macos-x86_64 0.1.1 45.00 NOTE
r-release-windows-x86_64 0.1.1 19.00 77.00 96.00 OK
r-oldrel-macos-arm64 0.1.1 23.00 NOTE
r-oldrel-macos-x86_64 0.1.1 32.00 NOTE
r-oldrel-windows-ix86+x86_64 0.1.1 14.00 80.00 94.00 OK

Check Details

Version: 0.1.1
Check: dependencies in R code
Result: NOTE
    Namespace in Imports field not imported from: ‘dplyr’
     All declared Imports should be used.
Flavors: r-devel-linux-x86_64-fedora-clang, r-devel-linux-x86_64-fedora-gcc, r-release-macos-arm64, r-release-macos-x86_64, r-oldrel-macos-arm64, r-oldrel-macos-x86_64

Version: 0.1.1
Check: Rd cross-references
Result: NOTE
    Undeclared package ‘DBI’ in Rd xrefs
Flavor: r-devel-linux-x86_64-fedora-clang