CRAN Package Check Results for Package EBMAforecast

Last updated on 2020-10-28 19:47:45 CET.

Flavor Version Tinstall Tcheck Ttotal Status Flags
r-devel-linux-x86_64-debian-clang 1.0.0 33.70 97.92 131.62 OK
r-devel-linux-x86_64-debian-gcc 1.0.0 28.47 73.23 101.70 OK
r-devel-linux-x86_64-fedora-clang 1.0.0 172.47 NOTE
r-devel-linux-x86_64-fedora-gcc 1.0.0 173.69 NOTE
r-devel-windows-ix86+x86_64 1.0.0 79.00 171.00 250.00 OK
r-patched-linux-x86_64 1.0.0 OK
r-patched-solaris-x86 1.0.0 203.90 NOTE
r-release-linux-x86_64 1.0.0 32.67 88.80 121.47 OK
r-release-macos-x86_64 1.0.0 NOTE
r-release-windows-ix86+x86_64 1.0.0 59.00 134.00 193.00 OK
r-oldrel-macos-x86_64 1.0.0 NOTE
r-oldrel-windows-ix86+x86_64 1.0.0 74.00 154.00 228.00 OK

Check Details

Version: 1.0.0
Check: dependencies in R code
Result: NOTE
    Namespaces in Imports field not imported from:
     ‘gtools’ ‘separationplot’
     All declared Imports should be used.
Flavors: r-devel-linux-x86_64-fedora-clang, r-devel-linux-x86_64-fedora-gcc, r-patched-solaris-x86, r-release-macos-x86_64, r-oldrel-macos-x86_64