CRAN Package Check Results for Package E4tools

Last updated on 2020-05-31 13:47:53 CEST.

Flavor Version Tinstall Tcheck Ttotal Status Flags
r-devel-linux-x86_64-debian-clang 0.1.1 4.56 46.27 50.83 OK
r-devel-linux-x86_64-debian-gcc 0.1.1 3.74 35.30 39.04 OK
r-devel-linux-x86_64-fedora-clang 0.1.1 71.63 NOTE
r-devel-linux-x86_64-fedora-gcc 0.1.1 60.59 NOTE
r-devel-windows-ix86+x86_64 0.1.1 15.00 83.00 98.00 OK
r-patched-linux-x86_64 0.1.1 5.28 44.44 49.72 OK
r-patched-solaris-x86 0.1.1 88.60 NOTE
r-release-linux-x86_64 0.1.1 4.95 45.01 49.96 OK
r-release-osx-x86_64 0.1.1 NOTE
r-release-windows-ix86+x86_64 0.1.1 12.00 58.00 70.00 OK
r-oldrel-osx-x86_64 0.1.1 NOTE
r-oldrel-windows-ix86+x86_64 0.1.1 9.00 65.00 74.00 OK

Check Details

Version: 0.1.1
Check: installed package size
Result: NOTE
     installed size is 5.1Mb
     sub-directories of 1Mb or more:
     extdata 4.8Mb
Flavors: r-devel-linux-x86_64-fedora-clang, r-patched-solaris-x86

Version: 0.1.1
Check: dependencies in R code
Result: NOTE
    Namespace in Imports field not imported from: ‘hms’
     All declared Imports should be used.
Flavors: r-devel-linux-x86_64-fedora-clang, r-devel-linux-x86_64-fedora-gcc, r-patched-solaris-x86, r-release-osx-x86_64, r-oldrel-osx-x86_64