CRAN Package Check Results for Package DysPIAData

Last updated on 2020-12-04 19:48:28 CET.

Flavor Version Tinstall Tcheck Ttotal Status Flags
r-devel-linux-x86_64-debian-clang 0.1.1 12.37 33.81 46.18 OK
r-devel-linux-x86_64-debian-gcc 0.1.1 12.82 27.94 40.76 OK
r-devel-linux-x86_64-fedora-clang 0.1.1 68.64 NOTE
r-devel-linux-x86_64-fedora-gcc 0.1.1 59.22 NOTE
r-devel-windows-ix86+x86_64 0.1.1 20.00 46.00 66.00 NOTE
r-patched-linux-x86_64 0.1.1 12.54 33.08 45.62 OK
r-patched-solaris-x86 0.1.1 94.90 NOTE
r-release-linux-x86_64 0.1.1 14.31 32.65 46.96 OK
r-release-macos-x86_64 0.1.1 NOTE
r-release-windows-ix86+x86_64 0.1.1 18.00 46.00 64.00 NOTE
r-oldrel-macos-x86_64 0.1.1 NOTE
r-oldrel-windows-ix86+x86_64 0.1.1 21.00 53.00 74.00 NOTE

Check Details

Version: 0.1.1
Check: installed package size
Result: NOTE
     installed size is 10.4Mb
     sub-directories of 1Mb or more:
     data 10.3Mb
Flavors: r-devel-linux-x86_64-fedora-clang, r-devel-windows-ix86+x86_64, r-patched-solaris-x86, r-release-macos-x86_64, r-release-windows-ix86+x86_64, r-oldrel-macos-x86_64, r-oldrel-windows-ix86+x86_64

Version: 0.1.1
Check: data for non-ASCII characters
Result: NOTE
     Note: found 9 marked UTF-8 strings
Flavors: r-devel-linux-x86_64-fedora-clang, r-devel-linux-x86_64-fedora-gcc, r-patched-solaris-x86, r-release-macos-x86_64, r-oldrel-macos-x86_64