CRAN Package Check Results for Package DysPIA

Last updated on 2020-10-21 13:49:52 CEST.

Flavor Version Tinstall Tcheck Ttotal Status Flags
r-devel-linux-x86_64-debian-clang 1.3 24.60 40.95 65.55 OK
r-devel-linux-x86_64-debian-gcc 1.3 17.97 31.51 49.48 OK
r-devel-linux-x86_64-fedora-clang 1.3 97.61 NOTE
r-devel-linux-x86_64-fedora-gcc 1.3 80.78 OK
r-devel-windows-ix86+x86_64 1.3 56.00 91.00 147.00 NOTE
r-patched-linux-x86_64 1.3 25.20 37.84 63.04 OK
r-patched-solaris-x86 1.3 100.00 OK
r-release-linux-x86_64 1.3 21.98 38.35 60.33 OK
r-release-macos-x86_64 1.3 NOTE
r-release-windows-ix86+x86_64 1.3 43.00 87.00 130.00 NOTE
r-oldrel-macos-x86_64 1.3 NOTE
r-oldrel-windows-ix86+x86_64 1.3 49.00 65.00 114.00 NOTE

Check Details

Version: 1.3
Check: installed package size
Result: NOTE
     installed size is 5.3Mb
     sub-directories of 1Mb or more:
     data 4.0Mb
     libs 1.2Mb
Flavors: r-devel-linux-x86_64-fedora-clang, r-devel-windows-ix86+x86_64, r-release-macos-x86_64, r-release-windows-ix86+x86_64, r-oldrel-macos-x86_64, r-oldrel-windows-ix86+x86_64