CRAN Package Check Results for Package DrugClust

Last updated on 2022-10-03 18:52:05 CEST.

Flavor Version Tinstall Tcheck Ttotal Status Flags
r-devel-linux-x86_64-debian-clang 0.2 3.01 30.53 33.54 NOTE
r-devel-linux-x86_64-debian-gcc 0.2 2.51 23.42 25.93 NOTE
r-devel-linux-x86_64-fedora-clang 0.2 56.33 NOTE
r-devel-linux-x86_64-fedora-gcc 0.2 52.17 NOTE
r-devel-windows-x86_64 0.2 15.00 61.00 76.00 NOTE
r-patched-linux-x86_64 0.2 3.05 28.73 31.78 NOTE
r-release-linux-x86_64 0.2 2.51 29.04 31.55 NOTE
r-release-macos-arm64 0.2 18.00 NOTE
r-release-macos-x86_64 0.2 33.00 NOTE
r-release-windows-x86_64 0.2 14.00 58.00 72.00 NOTE
r-oldrel-macos-arm64 0.2 20.00 NOTE
r-oldrel-macos-x86_64 0.2 29.00 NOTE
r-oldrel-windows-ix86+x86_64 0.2 8.00 56.00 64.00 NOTE

Check Details

Version: 0.2
Check: LazyData
Result: NOTE
     'LazyData' is specified without a 'data' directory
Flavors: r-devel-linux-x86_64-debian-clang, r-devel-linux-x86_64-debian-gcc, r-devel-linux-x86_64-fedora-clang, r-devel-linux-x86_64-fedora-gcc, r-devel-windows-x86_64, r-patched-linux-x86_64, r-release-linux-x86_64, r-release-macos-arm64, r-release-macos-x86_64, r-release-windows-x86_64, r-oldrel-macos-arm64, r-oldrel-macos-x86_64, r-oldrel-windows-ix86+x86_64