CRAN Package Check Results for Package DoE.wrapper

Last updated on 2022-10-06 06:49:32 CEST.

Flavor Version Tinstall Tcheck Ttotal Status Flags
r-devel-linux-x86_64-debian-clang 0.11 5.71 112.40 118.11 NOTE
r-devel-linux-x86_64-debian-gcc 0.11 5.99 86.87 92.86 NOTE
r-devel-linux-x86_64-fedora-clang 0.11 160.10 NOTE
r-devel-linux-x86_64-fedora-gcc 0.11 158.42 NOTE
r-devel-windows-x86_64 0.11 22.00 136.00 158.00 NOTE
r-patched-linux-x86_64 0.11 8.85 108.91 117.76 NOTE
r-release-linux-x86_64 0.11 7.85 108.70 116.55 NOTE
r-release-macos-arm64 0.11 43.00 NOTE
r-release-macos-x86_64 0.11 61.00 NOTE
r-release-windows-x86_64 0.11 27.00 140.00 167.00 NOTE
r-oldrel-macos-arm64 0.11 48.00 NOTE
r-oldrel-macos-x86_64 0.11 66.00 NOTE
r-oldrel-windows-ix86+x86_64 0.11 25.00 132.00 157.00 NOTE

Check Details

Version: 0.11
Check: LazyData
Result: NOTE
     'LazyData' is specified without a 'data' directory
Flavors: r-devel-linux-x86_64-debian-clang, r-devel-linux-x86_64-debian-gcc, r-devel-linux-x86_64-fedora-clang, r-devel-linux-x86_64-fedora-gcc, r-devel-windows-x86_64, r-patched-linux-x86_64, r-release-linux-x86_64, r-release-macos-arm64, r-release-macos-x86_64, r-release-windows-x86_64, r-oldrel-macos-arm64, r-oldrel-macos-x86_64, r-oldrel-windows-ix86+x86_64