CRAN Package Check Results for Package DoE.base

Last updated on 2022-09-29 12:55:24 CEST.

Flavor Version Tinstall Tcheck Ttotal Status Flags
r-devel-linux-x86_64-debian-clang 1.2-1 19.83 131.87 151.70 NOTE
r-devel-linux-x86_64-debian-gcc 1.2-1 15.11 97.65 112.76 NOTE
r-devel-linux-x86_64-fedora-clang 1.2-1 198.56 NOTE
r-devel-linux-x86_64-fedora-gcc 1.2-1 188.10 NOTE
r-devel-windows-x86_64 1.2-1 110.00 172.00 282.00 NOTE
r-patched-linux-x86_64 1.2-1 23.39 123.92 147.31 OK
r-release-linux-x86_64 1.2-1 20.79 125.93 146.72 OK
r-release-macos-arm64 1.2-1 45.00 OK
r-release-macos-x86_64 1.2-1 71.00 OK
r-release-windows-x86_64 1.2-1 96.00 167.00 263.00 OK
r-oldrel-macos-arm64 1.2-1 43.00 OK
r-oldrel-macos-x86_64 1.2-1 64.00 OK
r-oldrel-windows-ix86+x86_64 1.2-1 33.00 146.00 179.00 OK

Check Details

Version: 1.2-1
Check: Rd files
Result: NOTE
    checkRd: (-1) block.catlg.Rd:61: Escaped LaTeX specials: \^ \^
Flavors: r-devel-linux-x86_64-debian-clang, r-devel-linux-x86_64-debian-gcc, r-devel-linux-x86_64-fedora-clang, r-devel-linux-x86_64-fedora-gcc, r-devel-windows-x86_64