CRAN Package Check Results for Package DiversityOccupancy

Last updated on 2020-09-22 14:04:55 CEST.

Flavor Version Tinstall Tcheck Ttotal Status Flags
r-devel-linux-x86_64-debian-clang 1.0.6 21.80 169.90 191.70 OK
r-devel-linux-x86_64-debian-gcc 1.0.6 18.16 128.35 146.51 OK
r-devel-linux-x86_64-fedora-clang 1.0.6 248.74 OK
r-devel-linux-x86_64-fedora-gcc 1.0.6 283.52 OK
r-devel-windows-ix86+x86_64 1.0.6 48.00 210.00 258.00 OK
r-patched-linux-x86_64 1.0.6 18.32 163.70 182.02 OK
r-patched-solaris-x86 1.0.6 326.60 OK
r-release-linux-x86_64 1.0.6 13.33 162.64 175.97 OK
r-release-macos-x86_64 1.0.6 OK
r-release-windows-ix86+x86_64 1.0.6 46.00 208.00 254.00 OK
r-oldrel-macos-x86_64 1.0.6 WARN
r-oldrel-windows-ix86+x86_64 1.0.6 28.00 188.00 216.00 OK

Check Details

Version: 1.0.6
Check: whether package can be installed
Result: WARN
    Found the following significant warnings:
     Warning: 'rgl_init' failed, running with rgl.useNULL = TRUE
Flavor: r-oldrel-macos-x86_64