Last updated on 2025-01-18 12:54:46 CET.
Flavor | Version | Tinstall | Tcheck | Ttotal | Status | Flags |
---|---|---|---|---|---|---|
r-devel-linux-x86_64-debian-clang | 0.4.0 | 4.62 | 32.13 | 36.75 | OK | |
r-devel-linux-x86_64-debian-gcc | 0.4.0 | 3.39 | 23.39 | 26.78 | OK | |
r-devel-linux-x86_64-fedora-clang | 0.4.0 | 60.03 | NOTE | |||
r-devel-linux-x86_64-fedora-gcc | 0.4.0 | 56.03 | NOTE | |||
r-devel-windows-x86_64 | 0.4.0 | 7.00 | 58.00 | 65.00 | OK | |
r-patched-linux-x86_64 | 0.4.0 | 5.64 | 30.34 | 35.98 | OK | |
r-release-linux-x86_64 | 0.4.0 | 4.40 | 30.16 | 34.56 | OK | |
r-release-macos-arm64 | 0.4.0 | 22.00 | OK | |||
r-release-macos-x86_64 | 0.4.0 | 31.00 | OK | |||
r-release-windows-x86_64 | 0.4.0 | 6.00 | 58.00 | 64.00 | OK | |
r-oldrel-macos-arm64 | 0.4.0 | 25.00 | OK | |||
r-oldrel-macos-x86_64 | 0.4.0 | 38.00 | OK | |||
r-oldrel-windows-x86_64 | 0.4.0 | 8.00 | 62.00 | 70.00 | OK |
Version: 0.4.0
Check: dependencies in R code
Result: NOTE
Namespaces in Imports field not imported from:
‘dplyr’ ‘rlang’
All declared Imports should be used.
Flavors: r-devel-linux-x86_64-fedora-clang, r-devel-linux-x86_64-fedora-gcc