CRAN Package Check Results for Package Distance

Last updated on 2022-10-04 00:51:33 CEST.

Flavor Version Tinstall Tcheck Ttotal Status Flags
r-devel-linux-x86_64-debian-clang 1.0.6 12.93 244.10 257.03 OK
r-devel-linux-x86_64-debian-gcc 1.0.6 10.98 180.89 191.87 OK
r-devel-linux-x86_64-fedora-clang 1.0.6 320.41 NOTE
r-devel-linux-x86_64-fedora-gcc 1.0.6 305.68 OK
r-devel-windows-x86_64 1.0.6 57.00 267.00 324.00 OK
r-patched-linux-x86_64 1.0.6 19.05 232.21 251.26 OK
r-release-linux-x86_64 1.0.6 10.95 225.86 236.81 OK
r-release-macos-arm64 1.0.6 70.00 OK
r-release-macos-x86_64 1.0.6 108.00 OK
r-release-windows-x86_64 1.0.6 66.00 256.00 322.00 OK
r-oldrel-macos-arm64 1.0.6 69.00 OK
r-oldrel-macos-x86_64 1.0.6 108.00 OK
r-oldrel-windows-ix86+x86_64 1.0.6 29.00 270.00 299.00 OK

Check Details

Version: 1.0.6
Check: Rd cross-references
Result: NOTE
    Undeclared packages ‘optimx’, ‘readxl’ in Rd xrefs
Flavor: r-devel-linux-x86_64-fedora-clang