Last updated on 2022-08-09 12:53:24 CEST.
Flavor | Version | Tinstall | Tcheck | Ttotal | Status | Flags |
---|---|---|---|---|---|---|
r-devel-linux-x86_64-debian-clang | 2.0.0 | 5.34 | 68.64 | 73.98 | NOTE | |
r-devel-linux-x86_64-debian-gcc | 2.0.0 | 6.10 | 53.16 | 59.26 | NOTE | |
r-devel-linux-x86_64-fedora-clang | 2.0.0 | 104.52 | NOTE | |||
r-devel-linux-x86_64-fedora-gcc | 2.0.0 | 101.42 | NOTE | |||
r-devel-windows-x86_64 | 2.0.0 | 25.00 | 87.00 | 112.00 | NOTE | |
r-patched-linux-x86_64 | 2.0.0 | 9.20 | 66.18 | 75.38 | OK | |
r-release-linux-x86_64 | 2.0.0 | OK | ||||
r-release-macos-arm64 | 2.0.0 | 26.00 | OK | |||
r-release-macos-x86_64 | 2.0.0 | 47.00 | OK | |||
r-release-windows-x86_64 | 2.0.0 | 29.00 | 92.00 | 121.00 | OK | |
r-oldrel-macos-arm64 | 2.0.0 | 25.00 | OK | |||
r-oldrel-macos-x86_64 | 2.0.0 | 40.00 | OK | |||
r-oldrel-windows-ix86+x86_64 | 2.0.0 | 18.00 | 84.00 | 102.00 | OK |
Version: 2.0.0
Check: Rd files
Result: NOTE
checkRd: (-1) TempDisaggDGP.Rd:79: Escaped LaTeX specials: \&
checkRd: (-1) disaggregate.Rd:56: Escaped LaTeX specials: \&
Flavors: r-devel-linux-x86_64-debian-clang, r-devel-linux-x86_64-debian-gcc, r-devel-linux-x86_64-fedora-clang, r-devel-linux-x86_64-fedora-gcc, r-devel-windows-x86_64