CRAN Package Check Results for Package DisImpact

Last updated on 2022-08-16 12:52:58 CEST.

Flavor Version Tinstall Tcheck Ttotal Status Flags
r-devel-linux-x86_64-debian-clang 0.0.18 8.74 481.59 490.33 OK
r-devel-linux-x86_64-debian-gcc 0.0.18 5.77 352.51 358.28 OK
r-devel-linux-x86_64-fedora-clang 0.0.18 557.09 OK
r-devel-linux-x86_64-fedora-gcc 0.0.18 565.07 OK
r-devel-windows-x86_64 0.0.18 31.00 522.00 553.00 OK
r-patched-linux-x86_64 0.0.18 7.43 441.11 448.54 OK
r-release-linux-x86_64 0.0.18 8.58 440.32 448.90 OK
r-release-macos-arm64 0.0.18 172.00 OK
r-release-macos-x86_64 0.0.18 214.00 OK
r-release-windows-x86_64 0.0.18 25.00 508.00 533.00 OK
r-oldrel-macos-arm64 0.0.18 166.00 OK
r-oldrel-macos-x86_64 0.0.18 214.00 OK
r-oldrel-windows-ix86+x86_64 0.0.18 19.00 535.00 554.00 WARN

Check Details

Version: 0.0.18
Check: re-building of vignette outputs
Result: WARN
    Error(s) in re-building vignettes:
    --- re-building 'DI-On-Long-Summarized-Data.Rmd' using rmarkdown
    
    Attaching package: 'dplyr'
    
    The following objects are masked from 'package:stats':
    
     filter, lag
    
    The following objects are masked from 'package:base':
    
     intersect, setdiff, setequal, union
    
    --- finished re-building 'DI-On-Long-Summarized-Data.Rmd'
    
    --- re-building 'Intersectionality.Rmd' using rmarkdown
    --- finished re-building 'Intersectionality.Rmd'
    
    --- re-building 'Multi-Ethnicity.Rmd' using rmarkdown
    --- finished re-building 'Multi-Ethnicity.Rmd'
    
    --- re-building 'Scaling-DI-Calculations.Rmd' using rmarkdown
    
    Attaching package: 'dplyr'
    
    The following objects are masked from 'package:stats':
    
     filter, lag
    
    The following objects are masked from 'package:base':
    
     intersect, setdiff, setequal, union
    
    --- finished re-building 'Scaling-DI-Calculations.Rmd'
    
    --- re-building 'Tutorial.Rmd' using rmarkdown
    
    Attaching package: 'dplyr'
    
    The following objects are masked from 'package:stats':
    
     filter, lag
    
    The following objects are masked from 'package:base':
    
     intersect, setdiff, setequal, union
    
    --- finished re-building 'Tutorial.Rmd'
    
    +-+Tutorial.html
    SUMMARY: processing the following file failed:
     'Tutorial.Rmd'
    
    Error: Vignette re-building failed.
    Execution halted
Flavor: r-oldrel-windows-ix86+x86_64