CRAN Package Check Results for Package Directional

Last updated on 2020-07-07 02:08:12 CEST.

Flavor Version Tinstall Tcheck Ttotal Status Flags
r-devel-linux-x86_64-debian-clang 4.3 14.50 103.84 118.34 OK
r-devel-linux-x86_64-debian-gcc 4.3 11.37 77.31 88.68 OK
r-devel-linux-x86_64-fedora-clang 4.3 146.67 NOTE
r-devel-linux-x86_64-fedora-gcc 4.3 134.72 NOTE
r-devel-windows-ix86+x86_64 4.3 28.00 127.00 155.00 OK
r-patched-linux-x86_64 4.3 14.82 101.57 116.39 OK
r-patched-solaris-x86 4.3 175.20 NOTE
r-release-linux-x86_64 4.3 9.50 103.12 112.62 OK
r-release-osx-x86_64 4.3 NOTE
r-release-windows-ix86+x86_64 4.3 33.00 128.00 161.00 OK
r-oldrel-osx-x86_64 4.3 WARN
r-oldrel-windows-ix86+x86_64 4.3 35.00 207.00 242.00 OK

Check Details

Version: 4.3
Check: dependencies in R code
Result: NOTE
    Namespace in Imports field not imported from: ‘MASS’
     All declared Imports should be used.
Flavors: r-devel-linux-x86_64-fedora-clang, r-devel-linux-x86_64-fedora-gcc, r-patched-solaris-x86, r-release-osx-x86_64, r-oldrel-osx-x86_64

Version: 4.3
Check: whether package can be installed
Result: WARN
    Found the following significant warnings:
     Warning: 'rgl.init' failed, running with 'rgl.useNULL = TRUE'.
Flavor: r-oldrel-osx-x86_64