CRAN Package Check Results for Package DirectEffects

Last updated on 2024-06-15 19:54:57 CEST.

Flavor Version Tinstall Tcheck Ttotal Status Flags
r-devel-linux-x86_64-debian-clang 0.2.1 2.93 52.94 55.87 OK
r-devel-linux-x86_64-debian-gcc 0.2.1 2.25 39.80 42.05 OK
r-devel-linux-x86_64-fedora-clang 0.2.1 70.70 NOTE
r-devel-linux-x86_64-fedora-gcc 0.2.1 82.55 NOTE
r-devel-windows-x86_64 0.2.1 3.00 72.00 75.00 OK
r-patched-linux-x86_64 0.2.1 3.02 51.89 54.91 OK
r-release-linux-x86_64 0.2.1 2.85 51.22 54.07 OK
r-release-macos-arm64 0.2.1 29.00 OK
r-release-macos-x86_64 0.2.1 46.00 OK
r-release-windows-x86_64 0.2.1 4.00 46.00 50.00 ERROR
r-oldrel-macos-arm64 0.2.1 32.00 OK
r-oldrel-macos-x86_64 0.2.1 47.00 OK
r-oldrel-windows-x86_64 0.2.1 5.00 71.00 76.00 OK

Check Details

Version: 0.2.1
Check: dependencies in R code
Result: NOTE Namespace in Imports field not imported from: ‘sandwich’ All declared Imports should be used. Flavors: r-devel-linux-x86_64-fedora-clang, r-devel-linux-x86_64-fedora-gcc

Version: 0.2.1
Check: re-building of vignette outputs
Result: ERROR Error(s) in re-building vignettes: --- re-building 'DirectEffects.Rmd' using rmarkdown Error: processing vignette 'DirectEffects.Rmd' failed with diagnostics: 'CreateProcess' failed to run 'C:\PROGRA~1\Pandoc\pandoc.exe --version' --- failed re-building 'DirectEffects.Rmd' SUMMARY: processing the following file failed: 'DirectEffects.Rmd' Error: Vignette re-building failed. Execution halted Flavor: r-release-windows-x86_64

Version: 0.2.1
Check: PDF version of manual
Result: WARN LaTeX errors when creating PDF version. This typically indicates Rd problems. Flavor: r-release-windows-x86_64