CRAN Package Check Results for Package DiffNet

Last updated on 2020-10-25 22:48:12 CET.

Flavor Version Tinstall Tcheck Ttotal Status Flags
r-devel-linux-x86_64-debian-clang 1.0-0 31.91 95.69 127.60 OK
r-devel-linux-x86_64-debian-gcc 1.0-0 23.84 71.95 95.79 OK
r-devel-linux-x86_64-fedora-clang 1.0-0 170.72 NOTE
r-devel-linux-x86_64-fedora-gcc 1.0-0 152.24 NOTE
r-devel-windows-ix86+x86_64 1.0-0 80.00 168.00 248.00 ERROR
r-patched-linux-x86_64 1.0-0 27.86 88.19 116.05 OK
r-patched-solaris-x86 1.0-0 194.40 NOTE
r-release-linux-x86_64 1.0-0 28.11 87.83 115.94 OK
r-release-macos-x86_64 1.0-0 NOTE
r-release-windows-ix86+x86_64 1.0-0 56.00 127.00 183.00 ERROR
r-oldrel-macos-x86_64 1.0-0 NOTE
r-oldrel-windows-ix86+x86_64 1.0-0 68.00 160.00 228.00 ERROR

Check Details

Version: 1.0-0
Check: dependencies in R code
Result: NOTE
    Namespace in Imports field not imported from: ‘gplots’
     All declared Imports should be used.
Flavors: r-devel-linux-x86_64-fedora-clang, r-devel-linux-x86_64-fedora-gcc, r-patched-solaris-x86, r-release-macos-x86_64, r-oldrel-macos-x86_64

Version: 1.0-0
Check: running examples for arch ‘i386’
Result: ERROR
    Running examples in 'DiffNet-Ex.R' failed
    The error most likely occurred in:
    
    > ### Name: diffnet
    > ### Title: Detection of Statistically Significant Changes in Paired
    > ### Biological Networks
    > ### Aliases: diffnet
    >
    > ### ** Examples
    >
    > library("DiffNet")
    > # this step is optional, it helps speed up calculations, run in parallel on 2 processors
    > library(doParallel)
    Loading required package: foreach
    Loading required package: iterators
    Loading required package: parallel
    > registerDoParallel(2)
    > # Run the differential network analysis tehcnique on sample data
    > p <- diffnet()
    >
    >
    >
    > ### * <FOOTER>
    > ###
    > cleanEx()
    
    detaching 'package:doParallel', 'package:parallel',
     'package:iterators', 'package:foreach'
    
    Error: connections left open:
     <-CRANwin.fb05.statistik.uni-dortmund.de:11181 (sockconn)
     <-CRANwin.fb05.statistik.uni-dortmund.de:11181 (sockconn)
    Execution halted
Flavor: r-devel-windows-ix86+x86_64

Version: 1.0-0
Check: running examples for arch ‘x64’
Result: ERROR
    Running examples in 'DiffNet-Ex.R' failed
    The error most likely occurred in:
    
    > ### Name: diffnet
    > ### Title: Detection of Statistically Significant Changes in Paired
    > ### Biological Networks
    > ### Aliases: diffnet
    >
    > ### ** Examples
    >
    > library("DiffNet")
    > # this step is optional, it helps speed up calculations, run in parallel on 2 processors
    > library(doParallel)
    Loading required package: foreach
    Loading required package: iterators
    Loading required package: parallel
    > registerDoParallel(2)
    > # Run the differential network analysis tehcnique on sample data
    > p <- diffnet()
    >
    >
    >
    > ### * <FOOTER>
    > ###
    > cleanEx()
    
    detaching 'package:doParallel', 'package:parallel',
     'package:iterators', 'package:foreach'
    
    Error: connections left open:
     <-CRANwin.fb05.statistik.uni-dortmund.de:11228 (sockconn)
     <-CRANwin.fb05.statistik.uni-dortmund.de:11228 (sockconn)
    Execution halted
Flavor: r-devel-windows-ix86+x86_64

Version: 1.0-0
Check: running examples for arch ‘i386’
Result: ERROR
    Running examples in 'DiffNet-Ex.R' failed
    The error most likely occurred in:
    
    > ### Name: diffnet
    > ### Title: Detection of Statistically Significant Changes in Paired
    > ### Biological Networks
    > ### Aliases: diffnet
    >
    > ### ** Examples
    >
    > library("DiffNet")
    > # this step is optional, it helps speed up calculations, run in parallel on 2 processors
    > library(doParallel)
    Loading required package: foreach
    Loading required package: iterators
    Loading required package: parallel
    > registerDoParallel(2)
    > # Run the differential network analysis tehcnique on sample data
    > p <- diffnet()
    >
    >
    >
    > ### * <FOOTER>
    > ###
    > cleanEx()
    
    detaching 'package:doParallel', 'package:parallel',
     'package:iterators', 'package:foreach'
    
    Error: connections left open:
     <-CRANwin.fb05.statistik.uni-dortmund.de:11056 (sockconn)
     <-CRANwin.fb05.statistik.uni-dortmund.de:11056 (sockconn)
    Execution halted
Flavor: r-release-windows-ix86+x86_64

Version: 1.0-0
Check: running examples for arch ‘x64’
Result: ERROR
    Running examples in 'DiffNet-Ex.R' failed
    The error most likely occurred in:
    
    > ### Name: diffnet
    > ### Title: Detection of Statistically Significant Changes in Paired
    > ### Biological Networks
    > ### Aliases: diffnet
    >
    > ### ** Examples
    >
    > library("DiffNet")
    > # this step is optional, it helps speed up calculations, run in parallel on 2 processors
    > library(doParallel)
    Loading required package: foreach
    Loading required package: iterators
    Loading required package: parallel
    > registerDoParallel(2)
    > # Run the differential network analysis tehcnique on sample data
    > p <- diffnet()
    >
    >
    >
    > ### * <FOOTER>
    > ###
    > cleanEx()
    
    detaching 'package:doParallel', 'package:parallel',
     'package:iterators', 'package:foreach'
    
    Error: connections left open:
     <-CRANwin.fb05.statistik.uni-dortmund.de:11955 (sockconn)
     <-CRANwin.fb05.statistik.uni-dortmund.de:11955 (sockconn)
    Execution halted
Flavor: r-release-windows-ix86+x86_64

Version: 1.0-0
Check: running examples for arch ‘i386’
Result: ERROR
    Running examples in 'DiffNet-Ex.R' failed
    The error most likely occurred in:
    
    > ### Name: diffnet
    > ### Title: Detection of Statistically Significant Changes in Paired
    > ### Biological Networks
    > ### Aliases: diffnet
    >
    > ### ** Examples
    >
    > library("DiffNet")
    > # this step is optional, it helps speed up calculations, run in parallel on 2 processors
    > library(doParallel)
    Loading required package: foreach
    Loading required package: iterators
    Loading required package: parallel
    > registerDoParallel(2)
    > # Run the differential network analysis tehcnique on sample data
    > p <- diffnet()
    >
    >
    >
    > ### * <FOOTER>
    > ###
    > cleanEx()
    
    detaching 'package:doParallel', 'package:parallel',
     'package:iterators', 'package:foreach'
    
    Error: connections left open:
     <-CRANwin.fb05.statistik.uni-dortmund.de:11564 (sockconn)
     <-CRANwin.fb05.statistik.uni-dortmund.de:11564 (sockconn)
    Execution halted
Flavor: r-oldrel-windows-ix86+x86_64

Version: 1.0-0
Check: running examples for arch ‘x64’
Result: ERROR
    Running examples in 'DiffNet-Ex.R' failed
    The error most likely occurred in:
    
    > ### Name: diffnet
    > ### Title: Detection of Statistically Significant Changes in Paired
    > ### Biological Networks
    > ### Aliases: diffnet
    >
    > ### ** Examples
    >
    > library("DiffNet")
    > # this step is optional, it helps speed up calculations, run in parallel on 2 processors
    > library(doParallel)
    Loading required package: foreach
    Loading required package: iterators
    Loading required package: parallel
    > registerDoParallel(2)
    > # Run the differential network analysis tehcnique on sample data
    > p <- diffnet()
    >
    >
    >
    > ### * <FOOTER>
    > ###
    > cleanEx()
    
    detaching 'package:doParallel', 'package:parallel',
     'package:iterators', 'package:foreach'
    
    Error: connections left open:
     <-CRANwin.fb05.statistik.uni-dortmund.de:11103 (sockconn)
     <-CRANwin.fb05.statistik.uni-dortmund.de:11103 (sockconn)
    Execution halted
Flavor: r-oldrel-windows-ix86+x86_64