CRAN Package Check Results for Package Dict

Last updated on 2020-10-28 19:47:44 CET.

Flavor Version Tinstall Tcheck Ttotal Status Flags
r-devel-linux-x86_64-debian-clang 0.1.0 3.19 23.75 26.94 OK
r-devel-linux-x86_64-debian-gcc 0.1.0 2.56 17.83 20.39 OK
r-devel-linux-x86_64-fedora-clang 0.1.0 40.88 NOTE
r-devel-linux-x86_64-fedora-gcc 0.1.0 32.62 NOTE
r-devel-windows-ix86+x86_64 0.1.0 7.00 39.00 46.00 OK
r-patched-linux-x86_64 0.1.0 OK
r-patched-solaris-x86 0.1.0 44.60 NOTE
r-release-linux-x86_64 0.1.0 3.10 22.36 25.46 OK
r-release-macos-x86_64 0.1.0 NOTE
r-release-windows-ix86+x86_64 0.1.0 5.00 29.00 34.00 OK
r-oldrel-macos-x86_64 0.1.0 NOTE
r-oldrel-windows-ix86+x86_64 0.1.0 5.00 37.00 42.00 OK

Check Details

Version: 0.1.0
Check: dependencies in R code
Result: NOTE
    Namespaces in Imports field not imported from:
     ‘R6’ ‘dplyr’ ‘purrr’
     All declared Imports should be used.
Flavors: r-devel-linux-x86_64-fedora-clang, r-devel-linux-x86_64-fedora-gcc, r-patched-solaris-x86, r-release-macos-x86_64, r-oldrel-macos-x86_64

Version: 0.1.0
Check: Rd cross-references
Result: NOTE
    Undeclared package ‘tibble’ in Rd xrefs
Flavor: r-devel-linux-x86_64-fedora-clang