CRAN Package Check Results for Package DiagrammeR

Last updated on 2022-08-14 06:51:44 CEST.

Flavor Version Tinstall Tcheck Ttotal Status Flags
r-devel-linux-x86_64-debian-clang 1.0.9 25.69 275.56 301.25 OK
r-devel-linux-x86_64-debian-gcc 1.0.9 16.84 204.53 221.37 OK
r-devel-linux-x86_64-fedora-clang 1.0.9 348.59 NOTE
r-devel-linux-x86_64-fedora-gcc 1.0.9 341.21 NOTE
r-devel-windows-x86_64 1.0.9 333.00 350.00 683.00 OK
r-patched-linux-x86_64 1.0.9 23.15 252.19 275.34 OK
r-release-linux-x86_64 1.0.9 16.80 251.95 268.75 OK
r-release-macos-arm64 1.0.9 84.00 NOTE
r-release-macos-x86_64 1.0.9 159.00 NOTE
r-release-windows-x86_64 1.0.9 155.00 332.00 487.00 OK
r-oldrel-macos-arm64 1.0.9 81.00 NOTE
r-oldrel-macos-x86_64 1.0.9 122.00 NOTE
r-oldrel-windows-ix86+x86_64 1.0.9 44.00 342.00 386.00 OK

Check Details

Version: 1.0.9
Check: data for non-ASCII characters
Result: NOTE
     Note: found 1 marked UTF-8 string
Flavors: r-devel-linux-x86_64-fedora-clang, r-devel-linux-x86_64-fedora-gcc, r-release-macos-arm64, r-release-macos-x86_64, r-oldrel-macos-arm64, r-oldrel-macos-x86_64