CRAN Package Check Results for Package DiPALM

Last updated on 2020-10-29 13:48:42 CET.

Flavor Version Tinstall Tcheck Ttotal Status Flags
r-devel-linux-x86_64-debian-clang 1.0 23.46 200.29 223.75 OK
r-devel-linux-x86_64-debian-gcc 1.0 20.33 148.95 169.28 OK
r-devel-linux-x86_64-fedora-clang 1.0 268.18 OK
r-devel-linux-x86_64-fedora-gcc 1.0 274.64 OK
r-devel-windows-ix86+x86_64 1.0 54.00 217.00 271.00 OK
r-patched-linux-x86_64 1.0 18.70 179.43 198.13 OK
r-patched-solaris-x86 1.0 362.20 OK
r-release-linux-x86_64 1.0 22.16 179.85 202.01 OK
r-release-macos-x86_64 1.0 OK
r-release-windows-ix86+x86_64 1.0 38.00 159.00 197.00 OK
r-oldrel-macos-x86_64 1.0 ERROR
r-oldrel-windows-ix86+x86_64 1.0 46.00 200.00 246.00 OK

Check Details

Version: 1.0
Check: package dependencies
Result: ERROR
    Package required but not available: ‘WGCNA’
    
    See section ‘The DESCRIPTION file’ in the ‘Writing R Extensions’
    manual.
Flavor: r-oldrel-macos-x86_64