CRAN Package Check Results for Package DescriptiveStats.OBeu

Last updated on 2024-06-22 00:57:56 CEST.

Flavor Version Tinstall Tcheck Ttotal Status Flags
r-devel-linux-x86_64-debian-clang 1.3.2 2.04 36.40 38.44 OK
r-devel-linux-x86_64-debian-gcc 1.3.2 2.16 28.40 30.56 OK
r-devel-linux-x86_64-fedora-clang 1.3.2 52.02 NOTE
r-devel-linux-x86_64-fedora-gcc 1.3.2 61.76 NOTE
r-devel-windows-x86_64 1.3.2 4.00 52.00 56.00 OK
r-patched-linux-x86_64 1.3.2 3.08 35.80 38.88 OK
r-release-linux-x86_64 1.3.2 2.69 35.71 38.40 OK
r-release-macos-arm64 1.3.2 28.00 OK
r-release-macos-x86_64 1.3.2 41.00 OK
r-release-windows-x86_64 1.3.2 4.00 99.00 103.00 NOTE
r-oldrel-macos-arm64 1.3.2 29.00 OK
r-oldrel-macos-x86_64 1.3.2 41.00 OK
r-oldrel-windows-x86_64 1.3.2 4.00 55.00 59.00 OK

Check Details

Version: 1.3.2
Check: data for non-ASCII characters
Result: NOTE Note: found 5764 marked UTF-8 strings Flavors: r-devel-linux-x86_64-fedora-clang, r-devel-linux-x86_64-fedora-gcc

Version: 1.3.2
Check: R code for possible problems
Result: NOTE During startup - Warning messages: 1: package 'utils' in options("defaultPackages") was not found 2: In .getClassesFromCache(Class) : restarting interrupted promise evaluation Flavor: r-release-windows-x86_64