CRAN Package Check Results for Package DescTools

Last updated on 2022-08-08 00:54:06 CEST.

Flavor Version Tinstall Tcheck Ttotal Status Flags
r-devel-linux-x86_64-debian-clang 0.99.45 95.12 474.86 569.98 NOTE
r-devel-linux-x86_64-debian-gcc 0.99.45 80.39 346.29 426.68 NOTE
r-devel-linux-x86_64-fedora-clang 0.99.45 693.34 NOTE
r-devel-linux-x86_64-fedora-gcc 0.99.45 694.70 NOTE
r-devel-windows-x86_64 0.99.45 350.00 495.00 845.00 NOTE
r-patched-linux-x86_64 0.99.45 101.16 450.44 551.60 NOTE
r-release-linux-x86_64 0.99.45 90.71 449.70 540.41 NOTE
r-release-macos-arm64 0.99.45 128.00 NOTE
r-release-macos-x86_64 0.99.45 195.00 NOTE
r-release-windows-x86_64 0.99.45 342.00 492.00 834.00 NOTE
r-oldrel-macos-arm64 0.99.45 126.00 NOTE
r-oldrel-macos-x86_64 0.99.45 185.00 NOTE
r-oldrel-windows-ix86+x86_64 0.99.45 203.00 640.00 843.00 NOTE

Check Details

Version: 0.99.45
Check: package dependencies
Result: NOTE
    Package suggested but not available for checking: 'RDCOMClient'
Flavors: r-devel-linux-x86_64-debian-clang, r-devel-linux-x86_64-debian-gcc, r-devel-linux-x86_64-fedora-clang, r-devel-linux-x86_64-fedora-gcc, r-devel-windows-x86_64, r-patched-linux-x86_64, r-release-linux-x86_64, r-release-macos-arm64, r-release-macos-x86_64, r-release-windows-x86_64, r-oldrel-macos-arm64, r-oldrel-macos-x86_64, r-oldrel-windows-ix86+x86_64

Version: 0.99.45
Check: HTML version of manual
Result: NOTE
    Found the following math rendering problems:
    BinomRatioCI.rd:88-89: Can't use function '$' in math mode in ...{\theta }_{0}}}$, and ${{X}^{2}...
    StdCoef.Rd:71: Undefined control sequence: \var in ...^{*}=s_{X_{i}} \var{VIF}(X_i)^{-0....
Flavors: r-devel-linux-x86_64-debian-clang, r-devel-linux-x86_64-debian-gcc

Version: 0.99.45
Check: installed package size
Result: NOTE
     installed size is 7.9Mb
     sub-directories of 1Mb or more:
     R 1.7Mb
     doc 1.8Mb
     help 1.5Mb
     libs 2.3Mb
Flavors: r-devel-linux-x86_64-fedora-clang, r-devel-windows-x86_64, r-release-macos-arm64, r-release-macos-x86_64, r-release-windows-x86_64, r-oldrel-macos-arm64, r-oldrel-macos-x86_64, r-oldrel-windows-ix86+x86_64

Version: 0.99.45
Check: Rd cross-references
Result: NOTE
    Undeclared packages ‘ineq’, ‘randtests’, ‘Hmisc’, ‘plotrix’, ‘caret’, ‘pcaPP’, ‘polycor’, ‘lmtest’, ‘car’, ‘gmp’, ‘vcdExtra’, ‘chron’, ‘coin’, ‘caTools’, ‘forecast’, ‘sfsmisc’, ‘vcd’, ‘areaplot’, ‘corrgram’, ‘UsingR’, ‘memisc’, ‘gtools’, ‘BSDA’, ‘prettyR’ in Rd xrefs
Flavor: r-devel-linux-x86_64-fedora-clang