CRAN Package Check Results for Package Deducer

Last updated on 2020-05-31 13:47:52 CEST.

Flavor Version Tinstall Tcheck Ttotal Status Flags
r-devel-linux-x86_64-debian-clang 0.7-9 20.86 163.73 184.59 OK
r-devel-linux-x86_64-debian-gcc 0.7-9 17.14 122.62 139.76 OK
r-devel-linux-x86_64-fedora-clang 0.7-9 209.76 OK
r-devel-linux-x86_64-fedora-gcc 0.7-9 193.11 OK
r-devel-windows-ix86+x86_64 0.7-9 53.00 188.00 241.00 OK
r-patched-linux-x86_64 0.7-9 17.61 159.85 177.46 OK
r-patched-solaris-x86 0.7-9 281.70 NOTE
r-release-linux-x86_64 0.7-9 21.74 160.02 181.76 OK
r-release-osx-x86_64 0.7-9 OK
r-release-windows-ix86+x86_64 0.7-9 41.00 145.00 186.00 OK
r-oldrel-osx-x86_64 0.7-9 OK
r-oldrel-windows-ix86+x86_64 0.7-9 37.00 157.00 194.00 OK

Check Details

Version: 0.7-9
Check: package dependencies
Result: NOTE
    Package suggested but not available for checking: ‘XLConnect’
Flavor: r-patched-solaris-x86