CRAN Package Check Results for Package DataExplorer

Last updated on 2022-09-24 21:51:00 CEST.

Flavor Version Tinstall Tcheck Ttotal Status Flags
r-devel-linux-x86_64-debian-clang 0.8.2 7.35 275.33 282.68 NOTE
r-devel-linux-x86_64-debian-gcc 0.8.2 6.33 194.05 200.38 NOTE
r-devel-linux-x86_64-fedora-clang 0.8.2 326.96 NOTE
r-devel-linux-x86_64-fedora-gcc 0.8.2 305.11 NOTE
r-devel-windows-x86_64 0.8.2 49.00 305.00 354.00 NOTE
r-patched-linux-x86_64 0.8.2 10.92 242.38 253.30 NOTE
r-release-linux-x86_64 0.8.2 7.30 241.54 248.84 NOTE
r-release-macos-arm64 0.8.2 100.00 NOTE
r-release-macos-x86_64 0.8.2 196.00 NOTE
r-release-windows-x86_64 0.8.2 51.00 316.00 367.00 NOTE
r-oldrel-macos-arm64 0.8.2 154.00 NOTE
r-oldrel-macos-x86_64 0.8.2 215.00 NOTE
r-oldrel-windows-ix86+x86_64 0.8.2 21.00 277.00 298.00 NOTE

Check Details

Version: 0.8.2
Check: LazyData
Result: NOTE
     'LazyData' is specified without a 'data' directory
Flavors: r-devel-linux-x86_64-debian-clang, r-devel-linux-x86_64-debian-gcc, r-devel-linux-x86_64-fedora-clang, r-devel-linux-x86_64-fedora-gcc, r-devel-windows-x86_64, r-patched-linux-x86_64, r-release-linux-x86_64, r-release-macos-arm64, r-release-macos-x86_64, r-release-windows-x86_64, r-oldrel-macos-arm64, r-oldrel-macos-x86_64, r-oldrel-windows-ix86+x86_64