CRAN Package Check Results for Package DWBmodelUN

Last updated on 2022-10-01 21:53:52 CEST.

Flavor Version Tinstall Tcheck Ttotal Status Flags
r-devel-linux-x86_64-debian-clang 1.0.0 4.46 102.64 107.10 OK
r-devel-linux-x86_64-debian-gcc 1.0.0 4.19 75.85 80.04 OK
r-devel-linux-x86_64-fedora-clang 1.0.0 138.93 NOTE
r-devel-linux-x86_64-fedora-gcc 1.0.0 133.76 NOTE
r-devel-windows-x86_64 1.0.0 22.00 138.00 160.00 OK
r-patched-linux-x86_64 1.0.0 4.85 95.41 100.26 OK
r-release-linux-x86_64 1.0.0 5.11 96.46 101.57 OK
r-release-macos-arm64 1.0.0 35.00 NOTE
r-release-macos-x86_64 1.0.0 50.00 NOTE
r-release-windows-x86_64 1.0.0 24.00 137.00 161.00 OK
r-oldrel-macos-arm64 1.0.0 34.00 NOTE
r-oldrel-macos-x86_64 1.0.0 55.00 NOTE
r-oldrel-windows-ix86+x86_64 1.0.0 10.00 132.00 142.00 OK

Check Details

Version: 1.0.0
Check: dependencies in R code
Result: NOTE
    Namespaces in Imports field not imported from:
     ‘ncdf4’ ‘rgdal’
     All declared Imports should be used.
Flavors: r-devel-linux-x86_64-fedora-clang, r-devel-linux-x86_64-fedora-gcc, r-release-macos-arm64, r-release-macos-x86_64, r-oldrel-macos-arm64, r-oldrel-macos-x86_64