CRAN Package Check Results for Package DTK

Last updated on 2020-05-24 22:48:02 CEST.

Flavor Version Tinstall Tcheck Ttotal Status Flags
r-devel-linux-x86_64-debian-clang 3.5 1.78 18.26 20.04 NOTE
r-devel-linux-x86_64-debian-gcc 3.5 1.39 14.60 15.99 NOTE
r-devel-linux-x86_64-fedora-clang 3.5 26.75 NOTE
r-devel-linux-x86_64-fedora-gcc 3.5 24.26 NOTE
r-devel-windows-ix86+x86_64 3.5 7.00 36.00 43.00 NOTE
r-patched-linux-x86_64 3.5 2.03 18.45 20.48 NOTE
r-patched-solaris-x86 3.5 38.50 NOTE
r-release-linux-x86_64 3.5 2.11 18.12 20.23 NOTE
r-release-osx-x86_64 3.5 NOTE
r-release-windows-ix86+x86_64 3.5 5.00 27.00 32.00 NOTE
r-oldrel-osx-x86_64 3.5 NOTE
r-oldrel-windows-ix86+x86_64 3.5 4.00 37.00 41.00 NOTE

Check Details

Version: 3.5
Check: R code for possible problems
Result: NOTE
    DTK.plot: no visible global function definition for 'axis'
    DTK.plot: no visible global function definition for 'title'
    DTK.plot: no visible global function definition for 'lines'
    DTK.plot: no visible global function definition for 'points'
    DTK.test: no visible binding for global variable 'sd'
    DTK.test: no visible global function definition for 'qtukey'
    TK.test: no visible global function definition for 'TukeyHSD'
    TK.test: no visible global function definition for 'aov'
    Undefined global functions or variables:
     TukeyHSD aov axis lines points qtukey sd title
    Consider adding
     importFrom("graphics", "axis", "lines", "points", "title")
     importFrom("stats", "TukeyHSD", "aov", "qtukey", "sd")
    to your NAMESPACE file.
Flavors: r-devel-linux-x86_64-debian-clang, r-devel-linux-x86_64-debian-gcc, r-devel-linux-x86_64-fedora-clang, r-devel-linux-x86_64-fedora-gcc, r-devel-windows-ix86+x86_64, r-patched-linux-x86_64, r-patched-solaris-x86, r-release-linux-x86_64, r-release-osx-x86_64, r-release-windows-ix86+x86_64

Version: 3.5
Check: R code for possible problems
Result: NOTE
    DTK.plot: no visible global function definition for ‘plot’
    DTK.plot: no visible global function definition for ‘axis’
    DTK.plot: no visible global function definition for ‘title’
    DTK.plot: no visible global function definition for ‘lines’
    DTK.plot: no visible global function definition for ‘points’
    DTK.test: no visible binding for global variable ‘sd’
    DTK.test: no visible global function definition for ‘qtukey’
    TK.test: no visible global function definition for ‘TukeyHSD’
    TK.test: no visible global function definition for ‘aov’
    Undefined global functions or variables:
     TukeyHSD aov axis lines plot points qtukey sd title
    Consider adding
     importFrom("graphics", "axis", "lines", "plot", "points", "title")
     importFrom("stats", "TukeyHSD", "aov", "qtukey", "sd")
    to your NAMESPACE file.
Flavors: r-oldrel-osx-x86_64, r-oldrel-windows-ix86+x86_64