CRAN Package Check Results for Package DTDA.ni

Last updated on 2020-05-25 01:48:51 CEST.

Flavor Version Tinstall Tcheck Ttotal Status Flags
r-devel-linux-x86_64-debian-clang 1.0 1.78 21.44 23.22 NOTE
r-devel-linux-x86_64-debian-gcc 1.0 1.33 16.95 18.28 NOTE
r-devel-linux-x86_64-fedora-clang 1.0 30.45 OK
r-devel-linux-x86_64-fedora-gcc 1.0 28.68 OK
r-devel-windows-ix86+x86_64 1.0 12.00 34.00 46.00 NOTE
r-patched-linux-x86_64 1.0 1.97 21.19 23.16 NOTE
r-patched-solaris-x86 1.0 43.50 OK
r-release-linux-x86_64 1.0 2.03 20.86 22.89 NOTE
r-release-osx-x86_64 1.0 OK
r-release-windows-ix86+x86_64 1.0 6.00 55.00 61.00 NOTE
r-oldrel-osx-x86_64 1.0 OK
r-oldrel-windows-ix86+x86_64 1.0 5.00 44.00 49.00 OK

Check Details

Version: 1.0
Check: package vignettes
Result: NOTE
    Package vignette with placeholder title 'Vignette Title':
     'vignette.Rmd'
Flavors: r-devel-linux-x86_64-debian-clang, r-devel-linux-x86_64-debian-gcc, r-devel-windows-ix86+x86_64, r-patched-linux-x86_64, r-release-linux-x86_64, r-release-windows-ix86+x86_64