CRAN Package Check Results for Package DSjobtracker

Last updated on 2022-08-19 06:52:21 CEST.

Flavor Version Tinstall Tcheck Ttotal Status Flags
r-devel-linux-x86_64-debian-clang 0.1.1 1.39 33.84 35.23 OK
r-devel-linux-x86_64-debian-gcc 0.1.1 1.61 26.36 27.97 OK
r-devel-linux-x86_64-fedora-clang 0.1.1 54.17 NOTE
r-devel-linux-x86_64-fedora-gcc 0.1.1 53.89 NOTE
r-devel-windows-x86_64 0.1.1 12.00 64.00 76.00 OK
r-patched-linux-x86_64 0.1.1 1.66 33.48 35.14 OK
r-release-linux-x86_64 0.1.1 OK
r-release-macos-arm64 0.1.1 21.00 NOTE
r-release-macos-x86_64 0.1.1 28.00 NOTE
r-release-windows-x86_64 0.1.1 20.00 64.00 84.00 OK
r-oldrel-macos-arm64 0.1.1 28.00 NOTE
r-oldrel-macos-x86_64 0.1.1 32.00 NOTE
r-oldrel-windows-ix86+x86_64 0.1.1 5.00 56.00 61.00 OK

Check Details

Version: 0.1.1
Check: data for non-ASCII characters
Result: NOTE
     Note: found 149 marked UTF-8 strings
Flavors: r-devel-linux-x86_64-fedora-clang, r-devel-linux-x86_64-fedora-gcc, r-release-macos-arm64, r-release-macos-x86_64, r-oldrel-macos-arm64, r-oldrel-macos-x86_64