CRAN Package Check Results for Package DSWE

Last updated on 2022-09-26 21:52:55 CEST.

Flavor Version Tinstall Tcheck Ttotal Status Flags
r-devel-linux-x86_64-debian-clang 1.6.2 66.48 162.54 229.02 OK
r-devel-linux-x86_64-debian-gcc 1.6.2 53.04 115.95 168.99 OK
r-devel-linux-x86_64-fedora-clang 1.6.2 308.40 OK
r-devel-linux-x86_64-fedora-gcc 1.6.2 279.21 OK
r-devel-windows-x86_64 1.6.2 49.00 137.00 186.00 OK
r-patched-linux-x86_64 1.6.2 61.81 143.94 205.75 OK
r-release-linux-x86_64 1.6.2 58.86 147.43 206.29 OK
r-release-macos-arm64 1.6.2 71.00 NOTE
r-release-macos-x86_64 1.6.2 99.00 NOTE
r-release-windows-x86_64 1.6.2 62.00 195.00 257.00 OK
r-oldrel-macos-arm64 1.6.2 69.00 NOTE
r-oldrel-macos-x86_64 1.6.2 102.00 NOTE
r-oldrel-windows-ix86+x86_64 1.6.2 158.00 250.00 408.00 NOTE

Check Details

Version: 1.6.2
Check: installed package size
Result: NOTE
     installed size is 6.7Mb
     sub-directories of 1Mb or more:
     data 2.8Mb
     libs 3.6Mb
Flavors: r-release-macos-arm64, r-release-macos-x86_64, r-oldrel-macos-arm64, r-oldrel-macos-x86_64, r-oldrel-windows-ix86+x86_64