CRAN Package Check Results for Package DSMolgenisArmadillo

Last updated on 2022-10-04 19:01:21 CEST.

Flavor Version Tinstall Tcheck Ttotal Status Flags
r-devel-linux-x86_64-debian-clang 1.4.1 4.14 53.16 57.30 NOTE
r-devel-linux-x86_64-debian-gcc 1.4.1 4.74 41.72 46.46 NOTE
r-devel-linux-x86_64-fedora-clang 1.4.1 86.87 NOTE
r-devel-linux-x86_64-fedora-gcc 1.4.1 113.76 NOTE
r-devel-windows-x86_64 1.4.1 252.00 94.00 346.00 NOTE
r-patched-linux-x86_64 1.4.1 9.43 52.00 61.43 NOTE
r-release-linux-x86_64 1.4.1 6.00 51.68 57.68 NOTE
r-release-macos-arm64 1.4.1 38.00 NOTE
r-release-macos-x86_64 1.4.1 76.00 NOTE
r-release-windows-x86_64 1.4.1 129.00 92.00 221.00 NOTE
r-oldrel-macos-arm64 1.4.1 29.00 NOTE
r-oldrel-macos-x86_64 1.4.1 51.00 NOTE
r-oldrel-windows-ix86+x86_64 1.4.1 14.00 79.00 93.00 NOTE

Check Details

Version: 1.4.1
Check: package dependencies
Result: NOTE
    Package suggested but not available for checking: 'dsBaseClient'
Flavors: r-devel-linux-x86_64-debian-clang, r-devel-linux-x86_64-debian-gcc, r-devel-linux-x86_64-fedora-clang, r-devel-linux-x86_64-fedora-gcc, r-devel-windows-x86_64, r-patched-linux-x86_64, r-release-linux-x86_64, r-release-macos-arm64, r-release-macos-x86_64, r-release-windows-x86_64, r-oldrel-macos-arm64, r-oldrel-macos-x86_64, r-oldrel-windows-ix86+x86_64