CRAN Package Check Results for Package DSMolgenisArmadillo

Last updated on 2021-04-09 22:51:21 CEST.

Flavor Version Tinstall Tcheck Ttotal Status Flags
r-devel-linux-x86_64-debian-clang 1.3.5 4.56 44.99 49.55 NOTE
r-devel-linux-x86_64-debian-gcc 1.3.5 3.79 35.82 39.61 NOTE
r-devel-linux-x86_64-fedora-clang 1.3.5 71.18 NOTE
r-devel-linux-x86_64-fedora-gcc 1.3.5 84.72 NOTE
r-devel-windows-ix86+x86_64 1.3.5 9.00 50.00 59.00 NOTE
r-devel-windows-x86_64-gcc10-UCRT 1.3.5 NOTE
r-patched-linux-x86_64 1.3.5 4.97 44.48 49.45 NOTE
r-patched-solaris-x86 1.3.5 93.70 NOTE
r-release-linux-x86_64 1.3.5 NOTE
r-release-macos-x86_64 1.3.5 NOTE
r-release-windows-ix86+x86_64 1.3.5 9.00 68.00 77.00 NOTE
r-oldrel-macos-x86_64 1.3.5 NOTE
r-oldrel-windows-ix86+x86_64 1.3.5 10.00 65.00 75.00 NOTE

Check Details

Version: 1.3.5
Check: package dependencies
Result: NOTE
    Package suggested but not available for checking: 'dsBaseClient'
Flavors: r-devel-linux-x86_64-debian-clang, r-devel-linux-x86_64-debian-gcc, r-devel-linux-x86_64-fedora-clang, r-devel-linux-x86_64-fedora-gcc, r-devel-windows-ix86+x86_64, r-devel-windows-x86_64-gcc10-UCRT, r-patched-linux-x86_64, r-patched-solaris-x86, r-release-linux-x86_64, r-release-macos-x86_64, r-release-windows-ix86+x86_64, r-oldrel-macos-x86_64, r-oldrel-windows-ix86+x86_64