CRAN Package Check Results for Package DRomics

Last updated on 2020-08-10 22:49:27 CEST.

Flavor Version Tinstall Tcheck Ttotal Status Flags
r-devel-linux-x86_64-debian-clang 2.0-1 37.42 565.80 603.22 OK
r-devel-linux-x86_64-debian-gcc 2.0-1 31.94 410.44 442.38 OK
r-devel-linux-x86_64-fedora-clang 2.0-1 684.71 OK
r-devel-linux-x86_64-fedora-gcc 2.0-1 677.09 OK
r-devel-windows-ix86+x86_64 2.0-1 63.00 660.00 723.00 OK
r-patched-linux-x86_64 2.0-1 37.13 532.60 569.73 OK
r-patched-solaris-x86 2.0-1 909.80 NOTE
r-release-linux-x86_64 2.0-1 35.95 526.48 562.43 OK
r-release-macos-x86_64 2.0-1 OK
r-release-windows-ix86+x86_64 2.0-1 94.00 663.00 757.00 OK
r-oldrel-macos-x86_64 2.0-1 ERROR
r-oldrel-windows-ix86+x86_64 2.0-1 61.00 523.00 584.00 OK

Check Details

Version: 2.0-1
Check: installed package size
Result: NOTE
     installed size is 5.2Mb
     sub-directories of 1Mb or more:
     DRomics-shiny 1.8Mb
     extdata 3.1Mb
Flavor: r-patched-solaris-x86

Version: 2.0-1
Check: whether package can be installed
Result: ERROR
    Installation failed.
Flavor: r-oldrel-macos-x86_64