CRAN Package Check Results for Package DRR

Last updated on 2022-08-19 06:52:21 CEST.

Flavor Version Tinstall Tcheck Ttotal Status Flags
r-devel-linux-x86_64-debian-clang 0.0.4 7.54 285.46 293.00 NOTE
r-devel-linux-x86_64-debian-gcc 0.0.4 6.71 212.86 219.57 NOTE
r-devel-linux-x86_64-fedora-clang 0.0.4 340.41 NOTE
r-devel-linux-x86_64-fedora-gcc 0.0.4 353.84 NOTE
r-devel-windows-x86_64 0.0.4 12.00 299.00 311.00 NOTE
r-patched-linux-x86_64 0.0.4 9.67 270.98 280.65 NOTE
r-release-linux-x86_64 0.0.4 NOTE
r-release-macos-arm64 0.0.4 85.00 NOTE
r-release-macos-x86_64 0.0.4 118.00 NOTE
r-release-windows-x86_64 0.0.4 12.00 309.00 321.00 NOTE
r-oldrel-macos-arm64 0.0.4 90.00 NOTE
r-oldrel-macos-x86_64 0.0.4 177.00 NOTE
r-oldrel-windows-ix86+x86_64 0.0.4 20.00 305.00 325.00 NOTE

Check Details

Version: 0.0.4
Check: LazyData
Result: NOTE
     'LazyData' is specified without a 'data' directory
Flavors: r-devel-linux-x86_64-debian-clang, r-devel-linux-x86_64-debian-gcc, r-devel-linux-x86_64-fedora-clang, r-devel-linux-x86_64-fedora-gcc, r-devel-windows-x86_64, r-patched-linux-x86_64, r-release-linux-x86_64, r-release-macos-arm64, r-release-macos-x86_64, r-release-windows-x86_64, r-oldrel-macos-arm64, r-oldrel-macos-x86_64, r-oldrel-windows-ix86+x86_64