CRAN Package Check Results for Package DPtree

Last updated on 2020-05-25 01:48:51 CEST.

Flavor Version Tinstall Tcheck Ttotal Status Flags
r-devel-linux-x86_64-debian-clang 1.0.1 2.41 28.00 30.41 OK
r-devel-linux-x86_64-debian-gcc 1.0.1 2.15 22.43 24.58 OK
r-devel-linux-x86_64-fedora-clang 1.0.1 39.00 NOTE
r-devel-linux-x86_64-fedora-gcc 1.0.1 36.03 NOTE
r-devel-windows-ix86+x86_64 1.0.1 11.00 44.00 55.00 OK
r-patched-linux-x86_64 1.0.1 2.56 27.99 30.55 OK
r-patched-solaris-x86 1.0.1 59.00 NOTE
r-release-linux-x86_64 1.0.1 2.52 27.77 30.29 OK
r-release-osx-x86_64 1.0.1 NOTE
r-release-windows-ix86+x86_64 1.0.1 7.00 59.00 66.00 OK
r-oldrel-osx-x86_64 1.0.1 NOTE
r-oldrel-windows-ix86+x86_64 1.0.1 6.00 54.00 60.00 OK

Check Details

Version: 1.0.1
Check: dependencies in R code
Result: NOTE
    Namespace in Imports field not imported from: ‘MASS’
     All declared Imports should be used.
Flavors: r-devel-linux-x86_64-fedora-clang, r-devel-linux-x86_64-fedora-gcc, r-patched-solaris-x86, r-release-osx-x86_64, r-oldrel-osx-x86_64