CRAN Package Check Results for Package DOS2

Last updated on 2022-08-12 21:53:00 CEST.

Flavor Version Tinstall Tcheck Ttotal Status Flags
r-devel-linux-x86_64-debian-clang 0.5.2 2.94 38.22 41.16 OK
r-devel-linux-x86_64-debian-gcc 0.5.2 2.74 29.76 32.50 OK
r-devel-linux-x86_64-fedora-clang 0.5.2 62.97 OK
r-devel-linux-x86_64-fedora-gcc 0.5.2 61.70 OK
r-devel-windows-x86_64 0.5.2 21.00 66.00 87.00 OK
r-patched-linux-x86_64 0.5.2 4.09 36.76 40.85 OK
r-release-linux-x86_64 0.5.2 2.82 36.47 39.29 OK
r-release-macos-arm64 0.5.2 20.00 OK
r-release-macos-x86_64 0.5.2 29.00 NOTE
r-release-windows-x86_64 0.5.2 19.00 64.00 83.00 OK
r-oldrel-macos-arm64 0.5.2 27.00 OK
r-oldrel-macos-x86_64 0.5.2 40.00 OK
r-oldrel-windows-ix86+x86_64 0.5.2 8.00 61.00 69.00 OK

Check Details

Version: 0.5.2
Check: package dependencies
Result: NOTE
    Package suggested but not available for checking: ‘DiPs’
Flavor: r-release-macos-x86_64