CRAN Package Check Results for Package DNAtools

Last updated on 2020-08-10 22:49:27 CEST.

Flavor Version Tinstall Tcheck Ttotal Status Flags
r-devel-linux-x86_64-debian-clang 0.2-3 74.70 72.05 146.75 NOTE
r-devel-linux-x86_64-debian-gcc 0.2-3 52.63 55.23 107.86 NOTE
r-devel-linux-x86_64-fedora-clang 0.2-3 202.36 NOTE
r-devel-linux-x86_64-fedora-gcc 0.2-3 180.46 NOTE
r-devel-windows-ix86+x86_64 0.2-3 175.00 152.00 327.00 NOTE
r-patched-linux-x86_64 0.2-3 54.44 71.32 125.76 NOTE
r-patched-solaris-x86 0.2-3 177.10 NOTE
r-release-linux-x86_64 0.2-3 55.38 71.49 126.87 NOTE
r-release-macos-x86_64 0.2-3 NOTE
r-release-windows-ix86+x86_64 0.2-3 175.00 156.00 331.00 WARN
r-oldrel-macos-x86_64 0.2-3 NOTE
r-oldrel-windows-ix86+x86_64 0.2-3 138.00 114.00 252.00 NOTE

Check Details

Version: 0.2-3
Check: for GNU extensions in Makefiles
Result: NOTE
    GNU make is a SystemRequirements.
Flavors: r-devel-linux-x86_64-debian-clang, r-devel-linux-x86_64-debian-gcc, r-devel-linux-x86_64-fedora-clang, r-devel-linux-x86_64-fedora-gcc, r-devel-windows-ix86+x86_64, r-patched-linux-x86_64, r-patched-solaris-x86, r-release-linux-x86_64, r-release-macos-x86_64, r-release-windows-ix86+x86_64, r-oldrel-macos-x86_64, r-oldrel-windows-ix86+x86_64

Version: 0.2-3
Check: for unstated dependencies in ‘tests’
Result: WARN
    Warning: unable to access index for repository https://CRAN.R-project.org/src/contrib:
     cannot open URL 'https://CRAN.R-project.org/src/contrib/PACKAGES'
Flavor: r-release-windows-ix86+x86_64