CRAN Package Check Results for Package DIRECT

Last updated on 2020-05-25 01:48:50 CEST.

Flavor Version Tinstall Tcheck Ttotal Status Flags
r-devel-linux-x86_64-debian-clang 1.0.1 5.26 25.31 30.57 OK
r-devel-linux-x86_64-debian-gcc 1.0.1 3.23 19.93 23.16 OK
r-devel-linux-x86_64-fedora-clang 1.0.1 38.95 NOTE
r-devel-linux-x86_64-fedora-gcc 1.0.1 36.02 NOTE
r-devel-windows-ix86+x86_64 1.0.1 15.00 59.00 74.00 OK
r-patched-linux-x86_64 1.0.1 4.25 25.58 29.83 OK
r-patched-solaris-x86 1.0.1 51.40 OK
r-release-linux-x86_64 1.0.1 3.75 25.18 28.93 OK
r-release-osx-x86_64 1.0.1 OK
r-release-windows-ix86+x86_64 1.0.1 11.00 43.00 54.00 OK
r-oldrel-osx-x86_64 1.0.1 OK
r-oldrel-windows-ix86+x86_64 1.0.1 10.00 64.00 74.00 OK

Check Details

Version: 1.0.1
Check: compiled code
Result: NOTE
    File ‘DIRECT/libs/DIRECT.so’:
     Found no calls to: ‘R_registerRoutines’, ‘R_useDynamicSymbols’
    
    It is good practice to register native routines and to disable symbol
    search.
    
    See ‘Writing portable packages’ in the ‘Writing R Extensions’ manual.
Flavors: r-devel-linux-x86_64-fedora-clang, r-devel-linux-x86_64-fedora-gcc