CRAN Package Check Results for Package DHARMa

Last updated on 2022-08-08 00:54:06 CEST.

Flavor Version Tinstall Tcheck Ttotal Status Flags
r-devel-linux-x86_64-debian-clang 0.4.5 12.69 332.66 345.35 OK
r-devel-linux-x86_64-debian-gcc 0.4.5 9.77 240.69 250.46 OK
r-devel-linux-x86_64-fedora-clang 0.4.5 411.24 NOTE
r-devel-linux-x86_64-fedora-gcc 0.4.5 408.45 OK
r-devel-windows-x86_64 0.4.5 33.00 382.00 415.00 NOTE
r-patched-linux-x86_64 0.4.5 10.50 309.69 320.19 OK
r-release-linux-x86_64 0.4.5 11.42 320.44 331.86 OK
r-release-macos-arm64 0.4.5 135.00 NOTE
r-release-macos-x86_64 0.4.5 212.00 NOTE
r-release-windows-x86_64 0.4.5 37.00 372.00 409.00 NOTE
r-oldrel-macos-arm64 0.4.5 136.00 NOTE
r-oldrel-macos-x86_64 0.4.5 161.00 NOTE
r-oldrel-windows-ix86+x86_64 0.4.5 26.00 344.00 370.00 NOTE

Check Details

Version: 0.4.5
Check: installed package size
Result: NOTE
     installed size is 5.5Mb
     sub-directories of 1Mb or more:
     doc 5.1Mb
Flavors: r-devel-linux-x86_64-fedora-clang, r-devel-windows-x86_64, r-release-macos-arm64, r-release-macos-x86_64, r-release-windows-x86_64, r-oldrel-macos-arm64, r-oldrel-macos-x86_64, r-oldrel-windows-ix86+x86_64

Version: 0.4.5
Check: package dependencies
Result: NOTE
    Package which this enhances but not available for checking: ‘rjags’
Flavor: r-release-macos-x86_64