CRAN Package Check Results for Package DHARMa

Last updated on 2020-10-29 13:48:42 CET.

Flavor Version Tinstall Tcheck Ttotal Status Flags
r-devel-linux-x86_64-debian-clang 0.3.3.0 8.93 332.90 341.83 OK
r-devel-linux-x86_64-debian-gcc 0.3.3.0 9.59 234.63 244.22 OK
r-devel-linux-x86_64-fedora-clang 0.3.3.0 395.18 NOTE
r-devel-linux-x86_64-fedora-gcc 0.3.3.0 430.89 NOTE
r-devel-windows-ix86+x86_64 0.3.3.0 22.00 380.00 402.00 NOTE
r-patched-linux-x86_64 0.3.3.0 9.48 310.67 320.15 OK
r-patched-solaris-x86 0.3.3.0 576.40 NOTE
r-release-linux-x86_64 0.3.3.0 10.27 308.72 318.99 OK
r-release-macos-x86_64 0.3.3.0 NOTE
r-release-windows-ix86+x86_64 0.3.3.0 17.00 265.00 282.00 NOTE
r-oldrel-macos-x86_64 0.3.3.0 NOTE
r-oldrel-windows-ix86+x86_64 0.3.3.0 20.00 373.00 393.00 NOTE

Check Details

Version: 0.3.3.0
Check: installed package size
Result: NOTE
     installed size is 5.3Mb
     sub-directories of 1Mb or more:
     doc 4.9Mb
Flavors: r-devel-linux-x86_64-fedora-clang, r-devel-windows-ix86+x86_64, r-patched-solaris-x86, r-release-macos-x86_64, r-release-windows-ix86+x86_64, r-oldrel-macos-x86_64, r-oldrel-windows-ix86+x86_64

Version: 0.3.3.0
Check: dependencies in R code
Result: NOTE
    Namespace in Imports field not imported from: ‘mgcv’
     All declared Imports should be used.
Flavors: r-devel-linux-x86_64-fedora-clang, r-devel-linux-x86_64-fedora-gcc, r-patched-solaris-x86, r-release-macos-x86_64, r-oldrel-macos-x86_64