CRAN Package Check Results for Package DEoptimR

Last updated on 2022-11-30 18:50:20 CET.

Flavor Version Tinstall Tcheck Ttotal Status Flags
r-devel-linux-x86_64-debian-clang 1.0-11 1.71 32.22 33.93 OK
r-devel-linux-x86_64-debian-gcc 1.0-11 1.44 24.64 26.08 OK
r-devel-linux-x86_64-fedora-clang 1.0-11 56.57 NOTE
r-devel-linux-x86_64-fedora-gcc 1.0-11 51.43 OK
r-devel-windows-x86_64 1.0-11 8.00 58.00 66.00 OK
r-patched-linux-x86_64 1.0-11 1.88 30.26 32.14 OK
r-release-linux-x86_64 1.0-11 1.91 30.24 32.15 OK
r-release-macos-arm64 1.0-11 17.00 OK
r-release-macos-x86_64 1.0-11 24.00 OK
r-release-windows-x86_64 1.0-11 5.00 53.00 58.00 OK
r-oldrel-macos-arm64 1.0-11 17.00 OK
r-oldrel-macos-x86_64 1.0-11 23.00 OK
r-oldrel-windows-ix86+x86_64 1.0-11 6.00 49.00 55.00 OK

Check Details

Version: 1.0-11
Check: Rd cross-references
Result: NOTE
    Undeclared package ‘DEoptim’ in Rd xrefs
Flavor: r-devel-linux-x86_64-fedora-clang