CRAN Package Check Results for Package DDHFm

Last updated on 2020-07-07 02:08:11 CEST.

Flavor Version Tinstall Tcheck Ttotal Status Flags
r-devel-linux-x86_64-debian-clang 1.1.2 4.10 48.92 53.02 OK
r-devel-linux-x86_64-debian-gcc 1.1.2 2.79 37.22 40.01 OK
r-devel-linux-x86_64-fedora-clang 1.1.2 72.03 NOTE
r-devel-linux-x86_64-fedora-gcc 1.1.2 62.47 NOTE
r-devel-windows-ix86+x86_64 1.1.2 11.00 61.00 72.00 OK
r-patched-linux-x86_64 1.1.2 3.26 49.28 52.54 OK
r-patched-solaris-x86 1.1.2 70.10 OK
r-release-linux-x86_64 1.1.2 3.71 48.50 52.21 OK
r-release-osx-x86_64 1.1.2 OK
r-release-windows-ix86+x86_64 1.1.2 11.00 66.00 77.00 OK
r-oldrel-osx-x86_64 1.1.2 OK
r-oldrel-windows-ix86+x86_64 1.1.2 11.00 81.00 92.00 OK

Check Details

Version: 1.1.2
Check: compiled code
Result: NOTE
    File ‘DDHFm/libs/DDHFm.so’:
     Found no calls to: ‘R_registerRoutines’, ‘R_useDynamicSymbols’
    
    It is good practice to register native routines and to disable symbol
    search.
    
    See ‘Writing portable packages’ in the ‘Writing R Extensions’ manual.
Flavors: r-devel-linux-x86_64-fedora-clang, r-devel-linux-x86_64-fedora-gcc