Last updated on 2023-02-08 18:51:15 CET.
Flavor | Version | Tinstall | Tcheck | Ttotal | Status | Flags |
---|---|---|---|---|---|---|
r-devel-linux-x86_64-debian-clang | 0.0.1 | 5.17 | 27.47 | 32.64 | OK | |
r-devel-linux-x86_64-debian-gcc | 0.0.1 | 3.64 | 21.88 | 25.52 | OK | |
r-devel-linux-x86_64-fedora-clang | 0.0.1 | 44.41 | NOTE | |||
r-devel-linux-x86_64-fedora-gcc | 0.0.1 | 56.50 | NOTE | |||
r-devel-windows-x86_64 | 0.0.1 | 15.00 | 63.00 | 78.00 | OK | |
r-patched-linux-x86_64 | 0.0.1 | 4.21 | 28.16 | 32.37 | OK | |
r-release-linux-x86_64 | 0.0.1 | 4.33 | 28.62 | 32.95 | OK | |
r-release-macos-arm64 | 0.0.1 | 21.00 | NOTE | |||
r-release-macos-x86_64 | 0.0.1 | 33.00 | NOTE | |||
r-release-windows-x86_64 | 0.0.1 | 10.00 | 60.00 | 70.00 | OK | |
r-oldrel-macos-arm64 | 0.0.1 | 21.00 | NOTE | |||
r-oldrel-macos-x86_64 | 0.0.1 | 26.00 | NOTE | |||
r-oldrel-windows-ix86+x86_64 | 0.0.1 | 10.00 | 54.00 | 64.00 | OK |
Version: 0.0.1
Check: data for non-ASCII characters
Result: NOTE
Note: found 122 marked UTF-8 strings
Flavors: r-devel-linux-x86_64-fedora-clang, r-devel-linux-x86_64-fedora-gcc, r-release-macos-arm64, r-release-macos-x86_64, r-oldrel-macos-arm64, r-oldrel-macos-x86_64