Last updated on 2023-09-26 13:08:29 CEST.
Flavor | Version | Tinstall | Tcheck | Ttotal | Status | Flags |
---|---|---|---|---|---|---|
r-devel-linux-x86_64-debian-clang | 1.7.3 | 26.58 | 75.21 | 101.79 | NOTE | |
r-devel-linux-x86_64-debian-gcc | 1.7.3 | 16.13 | 56.86 | 72.99 | NOTE | |
r-devel-linux-x86_64-fedora-clang | 1.7.3 | 130.12 | NOTE | |||
r-devel-linux-x86_64-fedora-gcc | 1.7.3 | 141.17 | NOTE | |||
r-devel-windows-x86_64 | 1.7.3 | 18.00 | 81.00 | 99.00 | NOTE | |
r-patched-linux-x86_64 | 1.7.3 | 22.58 | 71.30 | 93.88 | NOTE | |
r-release-linux-x86_64 | 1.7.3 | 20.51 | 71.92 | 92.43 | NOTE | |
r-release-macos-arm64 | 1.7.3 | 41.00 | NOTE | |||
r-release-macos-x86_64 | 1.7.3 | 69.00 | NOTE | |||
r-release-windows-x86_64 | 1.7.3 | 28.00 | 89.00 | 117.00 | NOTE | |
r-oldrel-macos-arm64 | 1.7.3 | 37.00 | NOTE | |||
r-oldrel-macos-x86_64 | 1.7.3 | 50.00 | NOTE | |||
r-oldrel-windows-x86_64 | 1.7.3 | 27.00 | 85.00 | 112.00 | NOTE |
Version: 1.7.3
Check: package dependencies
Result: NOTE
Package suggested but not available for checking: ‘dblog’
Flavors: r-devel-linux-x86_64-debian-clang, r-devel-linux-x86_64-debian-gcc, r-devel-linux-x86_64-fedora-clang, r-devel-linux-x86_64-fedora-gcc, r-devel-windows-x86_64, r-patched-linux-x86_64, r-release-linux-x86_64, r-release-macos-arm64, r-release-macos-x86_64, r-release-windows-x86_64, r-oldrel-macos-arm64, r-oldrel-macos-x86_64, r-oldrel-windows-x86_64