CRAN Package Check Results for Package DBItest

Last updated on 2022-09-30 21:48:54 CEST.

Flavor Version Tinstall Tcheck Ttotal Status Flags
r-devel-linux-x86_64-debian-clang 1.7.2 22.02 72.01 94.03 NOTE
r-devel-linux-x86_64-debian-gcc 1.7.2 18.81 53.79 72.60 NOTE
r-devel-linux-x86_64-fedora-clang 1.7.2 141.49 NOTE
r-devel-linux-x86_64-fedora-gcc 1.7.2 134.49 NOTE
r-devel-windows-x86_64 1.7.2 62.00 114.00 176.00 NOTE
r-patched-linux-x86_64 1.7.2 27.39 67.50 94.89 NOTE
r-release-linux-x86_64 1.7.2 22.62 67.69 90.31 NOTE
r-release-macos-arm64 1.7.2 38.00 NOTE
r-release-macos-x86_64 1.7.2 74.00 NOTE
r-release-windows-x86_64 1.7.2 54.00 113.00 167.00 NOTE
r-oldrel-macos-arm64 1.7.2 32.00 NOTE
r-oldrel-macos-x86_64 1.7.2 51.00 NOTE
r-oldrel-windows-ix86+x86_64 1.7.2 40.00 96.00 136.00 NOTE

Check Details

Version: 1.7.2
Check: package dependencies
Result: NOTE
    Package suggested but not available for checking: 'dblog'
Flavors: r-devel-linux-x86_64-debian-clang, r-devel-linux-x86_64-debian-gcc, r-devel-linux-x86_64-fedora-clang, r-devel-linux-x86_64-fedora-gcc, r-devel-windows-x86_64, r-patched-linux-x86_64, r-release-linux-x86_64, r-release-macos-arm64, r-release-macos-x86_64, r-release-windows-x86_64, r-oldrel-macos-arm64, r-oldrel-macos-x86_64, r-oldrel-windows-ix86+x86_64