CRAN Package Check Results for Package DBI

Last updated on 2022-08-18 12:53:58 CEST.

Flavor Version Tinstall Tcheck Ttotal Status Flags
r-devel-linux-x86_64-debian-clang 1.1.3 7.24 98.02 105.26 OK
r-devel-linux-x86_64-debian-gcc 1.1.3 5.23 69.81 75.04 OK
r-devel-linux-x86_64-fedora-clang 1.1.3 143.31 NOTE
r-devel-linux-x86_64-fedora-gcc 1.1.3 140.97 OK
r-devel-windows-x86_64 1.1.3 83.00 393.00 476.00 OK
r-patched-linux-x86_64 1.1.3 10.65 81.26 91.91 OK
r-release-linux-x86_64 1.1.3 7.09 84.38 91.47 OK
r-release-macos-arm64 1.1.3 93.00 OK
r-release-macos-x86_64 1.1.3 149.00 OK
r-release-windows-x86_64 1.1.3 89.00 352.00 441.00 OK
r-oldrel-macos-arm64 1.1.3 92.00 OK
r-oldrel-macos-x86_64 1.1.3 160.00 OK
r-oldrel-windows-ix86+x86_64 1.1.3 22.00 117.00 139.00 OK

Check Details

Version: 1.1.3
Check: Rd cross-references
Result: NOTE
    Undeclared package ‘withr’ in Rd xrefs
Flavor: r-devel-linux-x86_64-fedora-clang