CRAN Package Check Results for Package DAAG

Last updated on 2024-02-28 00:56:17 CET.

Flavor Version Tinstall Tcheck Ttotal Status Flags
r-devel-linux-x86_64-debian-clang 1.25.4 7.30 116.34 123.64 NOTE
r-devel-linux-x86_64-debian-gcc 1.25.4 7.23 87.52 94.75 NOTE
r-devel-linux-x86_64-fedora-clang 1.25.4 152.13 NOTE
r-devel-linux-x86_64-fedora-gcc 1.25.4 172.18 NOTE
r-devel-windows-x86_64 1.25.4 11.00 157.00 168.00 OK
r-patched-linux-x86_64 1.25.4 19.77 112.68 132.45 OK
r-release-linux-x86_64 1.25.4 6.88 113.53 120.41 OK
r-release-macos-arm64 1.25.4 53.00 OK
r-release-macos-x86_64 1.25.4 86.00 NOTE
r-release-windows-x86_64 1.25.4 15.00 184.00 199.00 OK
r-oldrel-macos-arm64 1.25.4 39.00 OK
r-oldrel-windows-x86_64 1.25.4 17.00 203.00 220.00 OK

Check Details

Version: 1.25.4
Check: Rd files
Result: NOTE checkRd: (-1) bestsetNoise.Rd:128-129: Lost braces 128 | \code{tcrit}{For each model, the minimum of the absolute values of | ^ checkRd: (-1) bestsetNoise.Rd:130: Lost braces 130 | \code{regsubsets_obj}{The object returned by the call to \code{regsubsets}.} | ^ checkRd: (-1) plotSimScat.Rd:30: Lost braces; missing escapes or markup? 30 | Specify \code{points} or {residuals}. | ^ checkRd: (-1) print.sumry.glm.Rd:34: Lost braces; missing escapes or markup? 34 | \item{show.iter}{\code{NULL} or {integer}. If \code{NULL}, or if | ^ Flavors: r-devel-linux-x86_64-debian-clang, r-devel-linux-x86_64-debian-gcc, r-devel-linux-x86_64-fedora-clang, r-devel-linux-x86_64-fedora-gcc

Version: 1.25.4
Check: package dependencies
Result: NOTE Package suggested but not available for checking: ‘lme4’ Flavor: r-release-macos-x86_64