CRAN Package Check Results for Package D2MCS

Last updated on 2022-08-17 00:51:59 CEST.

Flavor Version Tinstall Tcheck Ttotal Status Flags
r-devel-linux-x86_64-debian-clang 1.0.0 79.80 386.50 466.30 NOTE
r-devel-linux-x86_64-debian-gcc 1.0.0 63.78 283.22 347.00 NOTE
r-devel-linux-x86_64-fedora-clang 1.0.0 588.15 NOTE
r-devel-linux-x86_64-fedora-gcc 1.0.0 616.49 NOTE
r-devel-windows-x86_64 1.0.0 154.00 391.00 545.00 OK
r-patched-linux-x86_64 1.0.0 73.81 350.72 424.53 OK
r-release-linux-x86_64 1.0.0 62.23 353.82 416.05 OK
r-release-macos-arm64 1.0.0 136.00 OK
r-release-macos-x86_64 1.0.0 253.00 OK
r-release-windows-x86_64 1.0.0 87.00 378.00 465.00 OK
r-oldrel-macos-arm64 1.0.0 188.00 OK
r-oldrel-macos-x86_64 1.0.0 276.00 OK
r-oldrel-windows-ix86+x86_64 1.0.0 138.00 380.00 518.00 OK

Check Details

Version: 1.0.0
Check: HTML version of manual
Result: NOTE
    Found the following HTML validation problems:
    ClassMajorityVoting.html:64:6: Warning: missing </span> before <p>
    ClassMajorityVoting.html:64:95: Warning: inserting implicit <span>
    ClassMajorityVoting.html:67:6: Warning: missing </span> before <p>
    ClassMajorityVoting.html:67:98: Warning: inserting implicit <span>
    ClassMajorityVoting.html:64:6: Warning: trimming empty <span>
    ClassMajorityVoting.html:67:6: Warning: trimming empty <span>
    ClassWeightedVoting.html:63:6: Warning: missing </span> before <p>
    ClassWeightedVoting.html:63:95: Warning: inserting implicit <span>
    ClassWeightedVoting.html:66:6: Warning: missing </span> before <p>
    ClassWeightedVoting.html:66:98: Warning: inserting implicit <span>
    ClassWeightedVoting.html:63:6: Warning: trimming empty <span>
    ClassWeightedVoting.html:66:6: Warning: trimming empty <span>
    CombinedVoting.html:67:6: Warning: missing </span> before <p>
    CombinedVoting.html:67:98: Warning: inserting implicit <span>
    CombinedVoting.html:70:6: Warning: missing </span> before <p>
    CombinedVoting.html:70:95: Warning: inserting implicit <span>
    CombinedVoting.html:73:6: Warning: missing </span> before <p>
    CombinedVoting.html:73:104: Warning: inserting implicit <span>
    CombinedVoting.html:67:6: Warning: trimming empty <span>
    CombinedVoting.html:70:6: Warning: trimming empty <span>
    CombinedVoting.html:73:6: Warning: trimming empty <span>
    DependencyBasedStrategy.html:105:6: Warning: missing </span> before <p>
    DependencyBasedStrategy.html:105:125: Warning: inserting implicit <span>
    DependencyBasedStrategy.html:108:6: Warning: missing </span> before <p>
    DependencyBasedStrategy.html:108:115: Warning: inserting implicit <span>
    DependencyBasedStrategy.html:111:6: Warning: missing </span> before <p>
    DependencyBasedStrategy.html:111:113: Warning: inserting implicit <span>
    DependencyBasedStrategy.html:114:6: Warning: missing </span> before <p>
    DependencyBasedStrategy.html:114:111: Warning: inserting implicit <span>
    DependencyBasedStrategy.html:117:6: Warning: missing </span> before <p>
    DependencyBasedStrategy.html:117:113: Warning: inserting implicit <span>
    DependencyBasedStrategy.html:105:6: Warning: trimming empty <span>
    DependencyBasedStrategy.html:108:6: Warning: trimming empty <span>
    DependencyBasedStrategy.html:111:6: Warning: trimming empty <span>
    DependencyBasedStrategy.html:114:6: Warning: trimming empty <span>
    DependencyBasedStrategy.html:117:6: Warning: trimming empty <span>
    MinimizeFN.html:58:6: Warning: missing </span> before <p>
    MinimizeFN.html:58:107: Warning: inserting implicit <span>
    MinimizeFN.html:58:6: Warning: trimming empty <span>
    MinimizeFP.html:58:6: Warning: missing </span> before <p>
    MinimizeFP.html:58:107: Warning: inserting implicit <span>
    MinimizeFP.html:58:6: Warning: trimming empty <span>
    NoProbability.html:57:6: Warning: missing </span> before <p>
    NoProbability.html:57:100: Warning: inserting implicit <span>
    NoProbability.html:57:6: Warning: trimming empty <span>
    ProbAverageVoting.html:63:6: Warning: missing </span> before <p>
    ProbAverageVoting.html:63:95: Warning: inserting implicit <span>
    ProbAverageVoting.html:66:6: Warning: missing </span> before <p>
    ProbAverageVoting.html:66:98: Warning: inserting implicit <span>
    ProbAverageVoting.html:63:6: Warning: trimming empty <span>
    ProbAverageVoting.html:66:6: Warning: trimming empty <span>
    ProbAverageWeightedVoting.html:68:6: Warning: missing </span> before <p>
    ProbAverageWeightedVoting.html:68:95: Warning: inserting implicit <span>
    ProbAverageWeightedVoting.html:71:6: Warning: missing </span> before <p>
    ProbAverageWeightedVoting.html:71:98: Warning: inserting implicit <span>
    ProbAverageWeightedVoting.html:68:6: Warning: trimming empty <span>
    ProbAverageWeightedVoting.html:71:6: Warning: trimming empty <span>
    ProbBasedMethodology.html:58:6: Warning: missing </span> before <p>
    ProbBasedMethodology.html:58:103: Warning: inserting implicit <span>
    ProbBasedMethodology.html:58:6: Warning: trimming empty <span>
    SimpleStrategy.html:85:6: Warning: missing </span> before <p>
    SimpleStrategy.html:85:115: Warning: inserting implicit <span>
    SimpleStrategy.html:88:6: Warning: missing </span> before <p>
    SimpleStrategy.html:88:113: Warning: inserting implicit <span>
    SimpleStrategy.html:91:6: Warning: missing </span> before <p>
    SimpleStrategy.html:91:111: Warning: inserting implicit <span>
    SimpleStrategy.html:85:6: Warning: trimming empty <span>
    SimpleStrategy.html:88:6: Warning: trimming empty <span>
    SimpleStrategy.html:91:6: Warning: trimming empty <span>
    SingleVoting.html:58:6: Warning: missing </span> before <p>
    SingleVoting.html:58:98: Warning: inserting implicit <span>
    SingleVoting.html:61:6: Warning: missing </span> before <p>
    SingleVoting.html:61:95: Warning: inserting implicit <span>
    SingleVoting.html:64:6: Warning: missing </span> before <p>
    SingleVoting.html:64:104: Warning: inserting implicit <span>
    SingleVoting.html:58:6: Warning: trimming empty <span>
    SingleVoting.html:61:6: Warning: trimming empty <span>
    SingleVoting.html:64:6: Warning: trimming empty <span>
    TwoClass.html:72:6: Warning: missing </span> before <p>
    TwoClass.html:72:103: Warning: inserting implicit <span>
    TwoClass.html:75:6: Warning: missing </span> before <p>
    TwoClass.html:75:100: Warning: inserting implicit <span>
    TwoClass.html:78:6: Warning: missing </span> before <p>
    TwoClass.html:78:101: Warning: inserting implicit <span>
    TwoClass.html:81:6: Warning: missing </span> before <p>
    TwoClass.html:81:106: Warning: inserting implicit <span>
    TwoClass.html:84:6: Warning: missing </span> before <p>
    TwoClass.html:84:105: Warning: inserting implicit <span>
    TwoClass.html:87:6: Warning: missing </span> before <p>
    TwoClass.html:87:94: Warning: inserting implicit <span>
    TwoClass.html:90:6: Warning: missing </span> before <p>
    TwoClass.html:90:101: Warning: inserting implicit <span>
    TwoClass.html:72:6: Warning: trimming empty <span>
    TwoClass.html:75:6: Warning: trimming empty <span>
    TwoClass.html:78:6: Warning: trimming empty <span>
    TwoClass.html:81:6: Warning: trimming empty <span>
    TwoClass.html:84:6: Warning: trimming empty <span>
    TwoClass.html:87:6: Warning: trimming empty <span>
    TwoClass.html:90:6: Warning: trimming empty <span>
    TypeBasedStrategy.html:78:6: Warning: missing </span> before <p>
    TypeBasedStrategy.html:78:125: Warning: inserting implicit <span>
    TypeBasedStrategy.html:81:6: Warning: missing </span> before <p>
    TypeBasedStrategy.html:81:115: Warning: inserting implicit <span>
    TypeBasedStrategy.html:84:6: Warning: missing </span> before <p>
    TypeBasedStrategy.html:84:113: Warning: inserting implicit <span>
    TypeBasedStrategy.html:87:6: Warning: missing </span> before <p>
    TypeBasedStrategy.html:87:111: Warning: inserting implicit <span>
    TypeBasedStrategy.html:90:6: Warning: missing </span> before <p>
    TypeBasedStrategy.html:90:113: Warning: inserting implicit <span>
    TypeBasedStrategy.html:78:6: Warning: trimming empty <span>
    TypeBasedStrategy.html:81:6: Warning: trimming empty <span>
    TypeBasedStrategy.html:84:6: Warning: trimming empty <span>
    TypeBasedStrategy.html:87:6: Warning: trimming empty <span>
    TypeBasedStrategy.html:90:6: Warning: trimming empty <span>
    UseProbability.html:57:6: Warning: missing </span> before <p>
    UseProbability.html:57:100: Warning: inserting implicit <span>
    UseProbability.html:57:6: Warning: trimming empty <span>
Flavors: r-devel-linux-x86_64-debian-clang, r-devel-linux-x86_64-debian-gcc, r-devel-linux-x86_64-fedora-clang, r-devel-linux-x86_64-fedora-gcc