CRAN Package Check Results for Package Cyclops

Last updated on 2020-09-21 19:58:56 CEST.

Flavor Version Tinstall Tcheck Ttotal Status Flags
r-devel-linux-x86_64-debian-clang 3.0.0 208.12 107.27 315.39 OK
r-devel-linux-x86_64-debian-gcc 3.0.0 168.44 82.68 251.12 OK
r-devel-linux-x86_64-fedora-clang 3.0.0 466.45 NOTE
r-devel-linux-x86_64-fedora-gcc 3.0.0 495.58 NOTE
r-devel-windows-ix86+x86_64 3.0.0 471.00 234.00 705.00 NOTE
r-patched-linux-x86_64 3.0.0 168.37 105.57 273.94 OK
r-patched-solaris-x86 3.0.0 387.40 NOTE
r-release-linux-x86_64 3.0.0 170.05 106.85 276.90 OK
r-release-macos-x86_64 3.0.0 NOTE
r-release-windows-ix86+x86_64 3.0.0 457.00 221.00 678.00 NOTE
r-oldrel-macos-x86_64 3.0.0 NOTE
r-oldrel-windows-ix86+x86_64 3.0.0 327.00 207.00 534.00 OK

Check Details

Version: 3.0.0
Check: installed package size
Result: NOTE
     installed size is 26.4Mb
     sub-directories of 1Mb or more:
     libs 25.6Mb
Flavors: r-devel-linux-x86_64-fedora-clang, r-devel-windows-ix86+x86_64, r-patched-solaris-x86, r-release-macos-x86_64, r-release-windows-ix86+x86_64, r-oldrel-macos-x86_64

Version: 3.0.0
Check: dependencies in R code
Result: NOTE
    Namespace in Imports field not imported from: ‘dbplyr’
     All declared Imports should be used.
Flavors: r-devel-linux-x86_64-fedora-clang, r-devel-linux-x86_64-fedora-gcc, r-patched-solaris-x86, r-release-macos-x86_64, r-oldrel-macos-x86_64