CRAN Package Check Results for Package CureDepCens

Last updated on 2024-06-13 06:57:58 CEST.

Flavor Version Tinstall Tcheck Ttotal Status Flags
r-devel-linux-x86_64-debian-clang 0.1.0 9.22 72.16 81.38 OK
r-devel-linux-x86_64-debian-gcc 0.1.0 8.25 55.28 63.53 NOTE
r-devel-linux-x86_64-fedora-clang 0.1.0 102.94 OK
r-devel-linux-x86_64-fedora-gcc 0.1.0 106.32 OK
r-devel-windows-x86_64 0.1.0 8.00 67.00 75.00 OK
r-patched-linux-x86_64 0.1.0 10.72 70.46 81.18 OK
r-release-linux-x86_64 0.1.0 10.06 69.51 79.57 OK
r-release-macos-arm64 0.1.0 31.00 OK
r-release-macos-x86_64 0.1.0 44.00 OK
r-release-windows-x86_64 0.1.0 8.00 76.00 84.00 OK
r-oldrel-macos-arm64 0.1.0 33.00 OK
r-oldrel-macos-x86_64 0.1.0 80.00 OK
r-oldrel-windows-x86_64 0.1.0 11.00 78.00 89.00 OK

Check Details

Version: 0.1.0
Check: package dependencies
Result: NOTE Package suggested but not available for checking: ‘testthat’ Flavor: r-devel-linux-x86_64-debian-gcc