CRAN Package Check Results for Package CryptRndTest

Last updated on 2022-09-28 12:55:15 CEST.

Flavor Version Tinstall Tcheck Ttotal Status Flags
r-devel-linux-x86_64-debian-clang 1.2.7 12.72 113.72 126.44 OK
r-devel-linux-x86_64-debian-gcc 1.2.7 8.70 85.64 94.34 OK
r-devel-linux-x86_64-fedora-clang 1.2.7 169.26 NOTE
r-devel-linux-x86_64-fedora-gcc 1.2.7 171.75 OK
r-devel-windows-x86_64 1.2.7 33.00 186.00 219.00 OK
r-patched-linux-x86_64 1.2.7 10.45 107.92 118.37 OK
r-release-linux-x86_64 1.2.7 7.45 106.77 114.22 OK
r-release-macos-arm64 1.2.7 44.00 OK
r-release-macos-x86_64 1.2.7 70.00 OK
r-release-windows-x86_64 1.2.7 43.00 173.00 216.00 OK
r-oldrel-macos-arm64 1.2.7 43.00 OK
r-oldrel-macos-x86_64 1.2.7 60.00 OK
r-oldrel-windows-ix86+x86_64 1.2.7 26.00 152.00 178.00 OK

Check Details

Version: 1.2.7
Check: Rd cross-references
Result: NOTE
    Undeclared package ‘copula’ in Rd xrefs
Flavor: r-devel-linux-x86_64-fedora-clang