CRAN Package Check Results for Package CovTools

Last updated on 2020-06-01 13:49:31 CEST.

Flavor Version Tinstall Tcheck Ttotal Status Flags
r-devel-linux-x86_64-debian-clang 0.5.3 79.47 92.48 171.95 OK
r-devel-linux-x86_64-debian-gcc 0.5.3 59.66 72.34 132.00 OK
r-devel-linux-x86_64-fedora-clang 0.5.3 231.92 OK
r-devel-linux-x86_64-fedora-gcc 0.5.3 204.61 OK
r-devel-windows-ix86+x86_64 0.5.3 202.00 190.00 392.00 OK
r-patched-linux-x86_64 0.5.3 62.73 93.31 156.04 OK
r-patched-solaris-x86 0.5.3 294.10 OK
r-release-linux-x86_64 0.5.3 59.74 93.38 153.12 OK
r-release-osx-x86_64 0.5.3 OK
r-release-windows-ix86+x86_64 0.5.3 155.00 232.00 387.00 OK
r-oldrel-osx-x86_64 0.5.3 WARN
r-oldrel-windows-ix86+x86_64 0.5.3 142.00 161.00 303.00 OK

Check Details

Version: 0.5.3
Check: whether package can be installed
Result: WARN
    Found the following significant warnings:
     Warning: 'rgl_init' failed, running with rgl.useNULL = TRUE
Flavor: r-oldrel-osx-x86_64

Version: 0.5.3
Check: dependencies in R code
Result: NOTE
    No protocol specified
Flavor: r-oldrel-osx-x86_64

Version: 0.5.3
Check: S3 generic/method consistency
Result: WARN
    No protocol specified
    See section ‘Generic functions and methods’ in the ‘Writing R
    Extensions’ manual.
Flavor: r-oldrel-osx-x86_64

Version: 0.5.3
Check: replacement functions
Result: WARN
    No protocol specified
    The argument of a replacement function which corresponds to the right
    hand side must be named ‘value’.
Flavor: r-oldrel-osx-x86_64

Version: 0.5.3
Check: foreign function calls
Result: NOTE
    No protocol specified
    See chapter ‘System and foreign language interfaces’ in the ‘Writing R
    Extensions’ manual.
Flavor: r-oldrel-osx-x86_64

Version: 0.5.3
Check: R code for possible problems
Result: NOTE
    No protocol specified
Flavor: r-oldrel-osx-x86_64

Version: 0.5.3
Check: Rd files
Result: WARN
    No protocol specified
    prepare_Rd: RGL: unable to open X11 display
    prepare_Rd: 'rgl_init' failed, running with rgl.useNULL = TRUE
Flavor: r-oldrel-osx-x86_64

Version: 0.5.3
Check: for missing documentation entries
Result: WARN
    No protocol specified
    All user-level objects in a package should have documentation entries.
    See chapter ‘Writing R documentation files’ in the ‘Writing R
    Extensions’ manual.
Flavor: r-oldrel-osx-x86_64

Version: 0.5.3
Check: for code/documentation mismatches
Result: WARN
    No protocol specified
    No protocol specified
    No protocol specified
Flavor: r-oldrel-osx-x86_64

Version: 0.5.3
Check: Rd \usage sections
Result: NOTE
    No protocol specified
    The \usage entries for S3 methods should use the \method markup and not
    their full name.
    See chapter ‘Writing R documentation files’ in the ‘Writing R
    Extensions’ manual.
Flavor: r-oldrel-osx-x86_64